{"id":233,"date":"2017-05-14T10:29:33","date_gmt":"2017-05-14T08:29:33","guid":{"rendered":"http:\/\/szkolawszpitalu.ovh\/?page_id=233"},"modified":"2022-08-23T12:28:45","modified_gmt":"2022-08-23T10:28:45","slug":"20122013-2","status":"publish","type":"page","link":"https:\/\/szkolawszpitalu.ovh\/?page_id=233","title":{"rendered":"Imprezy okoliczno\u015bciowe"},"content":{"rendered":"\n<hr class=\"wp-block-separator has-alpha-channel-opacity\"\/>\n\n\n\n<p><span style=\"color: #3366ff;\">Ka\u017cdego roku szkolnego organizujemy dla ma\u0142ych pacjent\u00f3w imprezy okoliczno\u015bciowe zwi\u0105zane z tradycj\u0105 &nbsp;i obrz\u0119dowo\u015bci\u0105, takie jak:<\/span><\/p>\n\n\n\n<p><span style=\"color: #3366ff;\"> &#8211; Spotkania z Pani\u0105 Jesieni\u0105<\/span><\/p>\n\n\n\n<figure class=\"wp-block-gallery has-nested-images columns-2 is-cropped wp-block-gallery-1 is-layout-flex wp-block-gallery-is-layout-flex\">\n<figure class=\"wp-block-image size-large\"><a href=\"https:\/\/szkolawszpitalu.ovh\/wp-content\/uploads\/2017\/05\/jesien.jpg\"><img loading=\"lazy\" decoding=\"async\" width=\"640\" height=\"480\" data-id=\"603\" src=\"https:\/\/szkolawszpitalu.ovh\/wp-content\/uploads\/2017\/05\/jesien.jpg\" alt=\"\" class=\"wp-image-603\" srcset=\"https:\/\/szkolawszpitalu.ovh\/wp-content\/uploads\/2017\/05\/jesien.jpg 640w, https:\/\/szkolawszpitalu.ovh\/wp-content\/uploads\/2017\/05\/jesien-300x225.jpg 300w\" sizes=\"auto, (max-width: 640px) 100vw, 640px\" \/><\/a><\/figure>\n\n\n\n<figure class=\"wp-block-image size-large\"><a href=\"https:\/\/szkolawszpitalu.ovh\/wp-content\/uploads\/2021\/12\/100_9773.jpg\"><img loading=\"lazy\" decoding=\"async\" width=\"852\" height=\"548\" data-id=\"1707\" src=\"https:\/\/szkolawszpitalu.ovh\/wp-content\/uploads\/2021\/12\/100_9773.jpg\" alt=\"\" class=\"wp-image-1707\" srcset=\"https:\/\/szkolawszpitalu.ovh\/wp-content\/uploads\/2021\/12\/100_9773.jpg 852w, https:\/\/szkolawszpitalu.ovh\/wp-content\/uploads\/2021\/12\/100_9773-300x193.jpg 300w, https:\/\/szkolawszpitalu.ovh\/wp-content\/uploads\/2021\/12\/100_9773-768x494.jpg 768w\" sizes=\"auto, (max-width: 852px) 100vw, 852px\" \/><\/a><\/figure>\n\n\n\n<figure class=\"wp-block-image size-large\"><a href=\"https:\/\/szkolawszpitalu.ovh\/wp-content\/uploads\/2021\/12\/100_9780.jpg\"><img loading=\"lazy\" decoding=\"async\" width=\"702\" height=\"401\" data-id=\"1708\" src=\"https:\/\/szkolawszpitalu.ovh\/wp-content\/uploads\/2021\/12\/100_9780.jpg\" alt=\"\" class=\"wp-image-1708\" srcset=\"https:\/\/szkolawszpitalu.ovh\/wp-content\/uploads\/2021\/12\/100_9780.jpg 702w, https:\/\/szkolawszpitalu.ovh\/wp-content\/uploads\/2021\/12\/100_9780-300x171.jpg 300w\" sizes=\"auto, (max-width: 702px) 100vw, 702px\" \/><\/a><\/figure>\n<\/figure>\n\n\n\n<p><span style=\"color: #3366ff;\">&#8211; Andrzejki<\/span><\/p>\n\n\n\n<figure class=\"wp-block-gallery has-nested-images columns-default is-cropped wp-block-gallery-2 is-layout-flex wp-block-gallery-is-layout-flex\">\n<figure class=\"wp-block-image size-large\"><a href=\"https:\/\/szkolawszpitalu.ovh\/wp-content\/uploads\/2021\/12\/20171129_104515.jpg\"><img loading=\"lazy\" decoding=\"async\" width=\"2420\" height=\"1659\" data-id=\"1711\" src=\"https:\/\/szkolawszpitalu.ovh\/wp-content\/uploads\/2021\/12\/20171129_104515.jpg\" alt=\"\" class=\"wp-image-1711\" srcset=\"https:\/\/szkolawszpitalu.ovh\/wp-content\/uploads\/2021\/12\/20171129_104515.jpg 2420w, https:\/\/szkolawszpitalu.ovh\/wp-content\/uploads\/2021\/12\/20171129_104515-300x206.jpg 300w, https:\/\/szkolawszpitalu.ovh\/wp-content\/uploads\/2021\/12\/20171129_104515-1024x702.jpg 1024w, https:\/\/szkolawszpitalu.ovh\/wp-content\/uploads\/2021\/12\/20171129_104515-768x526.jpg 768w, https:\/\/szkolawszpitalu.ovh\/wp-content\/uploads\/2021\/12\/20171129_104515-1536x1053.jpg 1536w, https:\/\/szkolawszpitalu.ovh\/wp-content\/uploads\/2021\/12\/20171129_104515-2048x1404.jpg 2048w\" sizes=\"auto, (max-width: 2420px) 100vw, 2420px\" \/><\/a><\/figure>\n\n\n\n<figure class=\"wp-block-image size-large\"><a href=\"https:\/\/szkolawszpitalu.ovh\/wp-content\/uploads\/2021\/12\/20171129_105031.jpg\"><img loading=\"lazy\" decoding=\"async\" width=\"2518\" height=\"1709\" data-id=\"1712\" src=\"https:\/\/szkolawszpitalu.ovh\/wp-content\/uploads\/2021\/12\/20171129_105031.jpg\" alt=\"\" class=\"wp-image-1712\" srcset=\"https:\/\/szkolawszpitalu.ovh\/wp-content\/uploads\/2021\/12\/20171129_105031.jpg 2518w, https:\/\/szkolawszpitalu.ovh\/wp-content\/uploads\/2021\/12\/20171129_105031-300x204.jpg 300w, https:\/\/szkolawszpitalu.ovh\/wp-content\/uploads\/2021\/12\/20171129_105031-1024x695.jpg 1024w, https:\/\/szkolawszpitalu.ovh\/wp-content\/uploads\/2021\/12\/20171129_105031-768x521.jpg 768w, https:\/\/szkolawszpitalu.ovh\/wp-content\/uploads\/2021\/12\/20171129_105031-1536x1043.jpg 1536w, https:\/\/szkolawszpitalu.ovh\/wp-content\/uploads\/2021\/12\/20171129_105031-2048x1390.jpg 2048w\" sizes=\"auto, (max-width: 2518px) 100vw, 2518px\" \/><\/a><\/figure>\n<\/figure>\n\n\n\n<p><span style=\"color: #3366ff;\">&#8211; Wizyta \u015awi\u0119tego Miko\u0142aja<\/span><\/p>\n\n\n<div class=\"wp-block-image\">\n<figure class=\"aligncenter is-resized\"><a href=\"https:\/\/szkolawszpitalu.ovh\/wp-content\/uploads\/2021\/12\/SA406927.jpg\"><img loading=\"lazy\" decoding=\"async\" src=\"https:\/\/szkolawszpitalu.ovh\/wp-content\/uploads\/2021\/12\/SA406927-266x300.jpg\" alt=\"\" class=\"wp-image-1732\" width=\"338\" height=\"381\" srcset=\"https:\/\/szkolawszpitalu.ovh\/wp-content\/uploads\/2021\/12\/SA406927-266x300.jpg 266w, https:\/\/szkolawszpitalu.ovh\/wp-content\/uploads\/2021\/12\/SA406927-909x1024.jpg 909w, https:\/\/szkolawszpitalu.ovh\/wp-content\/uploads\/2021\/12\/SA406927-768x865.jpg 768w, https:\/\/szkolawszpitalu.ovh\/wp-content\/uploads\/2021\/12\/SA406927.jpg 1059w\" sizes=\"auto, (max-width: 338px) 100vw, 338px\" \/><\/a><\/figure><\/div>\n\n\n<p><span style=\"color: #3366ff;\">&#8211; Bal karnawa\u0142owy<\/span><\/p>\n\n\n<div class=\"wp-block-image\">\n<figure class=\"aligncenter is-resized\"><a href=\"https:\/\/szkolawszpitalu.ovh\/wp-content\/uploads\/2021\/12\/P1298935.jpg\"><img loading=\"lazy\" decoding=\"async\" src=\"https:\/\/szkolawszpitalu.ovh\/wp-content\/uploads\/2021\/12\/P1298935-300x225.jpg\" alt=\"\" class=\"wp-image-1730\" width=\"400\" height=\"300\" srcset=\"https:\/\/szkolawszpitalu.ovh\/wp-content\/uploads\/2021\/12\/P1298935-300x225.jpg 300w, https:\/\/szkolawszpitalu.ovh\/wp-content\/uploads\/2021\/12\/P1298935-1024x768.jpg 1024w, https:\/\/szkolawszpitalu.ovh\/wp-content\/uploads\/2021\/12\/P1298935-768x576.jpg 768w, https:\/\/szkolawszpitalu.ovh\/wp-content\/uploads\/2021\/12\/P1298935-1536x1152.jpg 1536w, https:\/\/szkolawszpitalu.ovh\/wp-content\/uploads\/2021\/12\/P1298935.jpg 2048w\" sizes=\"auto, (max-width: 400px) 100vw, 400px\" \/><\/a><\/figure><\/div>\n\n\n<p><span style=\"color: #3366ff;\">&#8211; Powitanie wiosny<\/span><\/p>\n\n\n<div class=\"wp-block-image\">\n<figure class=\"aligncenter is-resized\"><a href=\"https:\/\/szkolawszpitalu.ovh\/wp-content\/uploads\/2021\/12\/20180321_100541.jpg\"><img loading=\"lazy\" decoding=\"async\" src=\"https:\/\/szkolawszpitalu.ovh\/wp-content\/uploads\/2021\/12\/20180321_100541-159x300.jpg\" alt=\"\" class=\"wp-image-1713\" width=\"235\" height=\"443\" srcset=\"https:\/\/szkolawszpitalu.ovh\/wp-content\/uploads\/2021\/12\/20180321_100541-159x300.jpg 159w, https:\/\/szkolawszpitalu.ovh\/wp-content\/uploads\/2021\/12\/20180321_100541-542x1024.jpg 542w, https:\/\/szkolawszpitalu.ovh\/wp-content\/uploads\/2021\/12\/20180321_100541-768x1450.jpg 768w, https:\/\/szkolawszpitalu.ovh\/wp-content\/uploads\/2021\/12\/20180321_100541-813x1536.jpg 813w, https:\/\/szkolawszpitalu.ovh\/wp-content\/uploads\/2021\/12\/20180321_100541.jpg 833w\" sizes=\"auto, (max-width: 235px) 100vw, 235px\" \/><\/a><\/figure><\/div>\n\n\n<p><span style=\"color: #3366ff;\">&#8211; Dzie\u0144 Dziecka<\/span><\/p>\n\n\n<div class=\"wp-block-image\">\n<figure class=\"aligncenter is-resized\"><a href=\"https:\/\/szkolawszpitalu.ovh\/wp-content\/uploads\/2018\/05\/dziec6.jpg\"><img loading=\"lazy\" decoding=\"async\" src=\"https:\/\/szkolawszpitalu.ovh\/wp-content\/uploads\/2018\/05\/dziec6-300x253.jpg\" alt=\"\" class=\"wp-image-774\" width=\"420\" height=\"354\" srcset=\"https:\/\/szkolawszpitalu.ovh\/wp-content\/uploads\/2018\/05\/dziec6-300x253.jpg 300w, https:\/\/szkolawszpitalu.ovh\/wp-content\/uploads\/2018\/05\/dziec6-768x648.jpg 768w, https:\/\/szkolawszpitalu.ovh\/wp-content\/uploads\/2018\/05\/dziec6-1024x864.jpg 1024w\" sizes=\"auto, (max-width: 420px) 100vw, 420px\" \/><\/a><\/figure><\/div>\n\n\n<hr class=\"wp-block-separator has-alpha-channel-opacity\"\/>\n\n\n\n<p><span style=\"color: #3366ff;\">Imprezom tym cz\u0119sto towarzysz\u0105 rozmaite przedstawienia teatralne:<\/span><\/p>\n\n\n\n<figure class=\"wp-block-gallery aligncenter has-nested-images columns-default is-cropped wp-block-gallery-3 is-layout-flex wp-block-gallery-is-layout-flex\">\n<figure class=\"wp-block-image size-large\"><a href=\"https:\/\/szkolawszpitalu.ovh\/wp-content\/uploads\/2017\/05\/kopciuszek.jpg\"><img loading=\"lazy\" decoding=\"async\" width=\"2567\" height=\"1998\" data-id=\"607\" src=\"https:\/\/szkolawszpitalu.ovh\/wp-content\/uploads\/2017\/05\/kopciuszek.jpg\" alt=\"\" class=\"wp-image-607\" srcset=\"https:\/\/szkolawszpitalu.ovh\/wp-content\/uploads\/2017\/05\/kopciuszek.jpg 2567w, https:\/\/szkolawszpitalu.ovh\/wp-content\/uploads\/2017\/05\/kopciuszek-300x234.jpg 300w, https:\/\/szkolawszpitalu.ovh\/wp-content\/uploads\/2017\/05\/kopciuszek-768x598.jpg 768w, https:\/\/szkolawszpitalu.ovh\/wp-content\/uploads\/2017\/05\/kopciuszek-1024x797.jpg 1024w\" sizes=\"auto, (max-width: 2567px) 100vw, 2567px\" \/><\/a><\/figure>\n\n\n\n<figure class=\"wp-block-image size-large\"><a href=\"https:\/\/szkolawszpitalu.ovh\/wp-content\/uploads\/2017\/05\/kapturek.jpg\"><img loading=\"lazy\" decoding=\"async\" width=\"480\" height=\"640\" data-id=\"606\" src=\"https:\/\/szkolawszpitalu.ovh\/wp-content\/uploads\/2017\/05\/kapturek.jpg\" alt=\"\" class=\"wp-image-606\" srcset=\"https:\/\/szkolawszpitalu.ovh\/wp-content\/uploads\/2017\/05\/kapturek.jpg 480w, https:\/\/szkolawszpitalu.ovh\/wp-content\/uploads\/2017\/05\/kapturek-225x300.jpg 225w\" sizes=\"auto, (max-width: 480px) 100vw, 480px\" \/><\/a><\/figure>\n\n\n\n<figure class=\"wp-block-image size-large\"><a href=\"https:\/\/szkolawszpitalu.ovh\/wp-content\/uploads\/2017\/05\/teatr1.jpg\"><img loading=\"lazy\" decoding=\"async\" width=\"780\" height=\"565\" data-id=\"579\" src=\"https:\/\/szkolawszpitalu.ovh\/wp-content\/uploads\/2017\/05\/teatr1.jpg\" alt=\"\" class=\"wp-image-579\" srcset=\"https:\/\/szkolawszpitalu.ovh\/wp-content\/uploads\/2017\/05\/teatr1.jpg 780w, https:\/\/szkolawszpitalu.ovh\/wp-content\/uploads\/2017\/05\/teatr1-300x217.jpg 300w, https:\/\/szkolawszpitalu.ovh\/wp-content\/uploads\/2017\/05\/teatr1-768x556.jpg 768w\" sizes=\"auto, (max-width: 780px) 100vw, 780px\" \/><\/a><\/figure>\n<\/figure>\n\n\n\n<hr class=\"wp-block-separator has-alpha-channel-opacity\"\/>\n\n\n\n<p><span style=\"color: #3366ff;\">Wa\u017cnym wydarzeniem s\u0105 r\u00f3wnie\u017c obchody jubileuszu naszego miasta &#8222;Urodziny Gdyni&#8221;.<\/span><\/p>\n\n\n\n<figure class=\"wp-block-gallery has-nested-images columns-default is-cropped wp-block-gallery-4 is-layout-flex wp-block-gallery-is-layout-flex\">\n<figure class=\"wp-block-image size-large\"><a href=\"https:\/\/szkolawszpitalu.ovh\/wp-content\/uploads\/2021\/12\/S5003476.jpg\"><img loading=\"lazy\" decoding=\"async\" width=\"1630\" height=\"1624\" data-id=\"1731\" src=\"https:\/\/szkolawszpitalu.ovh\/wp-content\/uploads\/2021\/12\/S5003476.jpg\" alt=\"\" class=\"wp-image-1731\" srcset=\"https:\/\/szkolawszpitalu.ovh\/wp-content\/uploads\/2021\/12\/S5003476.jpg 1630w, https:\/\/szkolawszpitalu.ovh\/wp-content\/uploads\/2021\/12\/S5003476-300x300.jpg 300w, https:\/\/szkolawszpitalu.ovh\/wp-content\/uploads\/2021\/12\/S5003476-1024x1020.jpg 1024w, https:\/\/szkolawszpitalu.ovh\/wp-content\/uploads\/2021\/12\/S5003476-150x150.jpg 150w, https:\/\/szkolawszpitalu.ovh\/wp-content\/uploads\/2021\/12\/S5003476-768x765.jpg 768w, https:\/\/szkolawszpitalu.ovh\/wp-content\/uploads\/2021\/12\/S5003476-1536x1530.jpg 1536w\" sizes=\"auto, (max-width: 1630px) 100vw, 1630px\" \/><\/a><\/figure>\n\n\n\n<figure class=\"wp-block-image size-large\"><a href=\"https:\/\/szkolawszpitalu.ovh\/wp-content\/uploads\/2020\/04\/gazetka2-scaled.jpeg\"><img loading=\"lazy\" decoding=\"async\" width=\"1742\" height=\"2560\" data-id=\"1336\" src=\"https:\/\/szkolawszpitalu.ovh\/wp-content\/uploads\/2020\/04\/gazetka2-scaled.jpeg\" alt=\"\" class=\"wp-image-1336\" srcset=\"https:\/\/szkolawszpitalu.ovh\/wp-content\/uploads\/2020\/04\/gazetka2-scaled.jpeg 1742w, https:\/\/szkolawszpitalu.ovh\/wp-content\/uploads\/2020\/04\/gazetka2-204x300.jpeg 204w, https:\/\/szkolawszpitalu.ovh\/wp-content\/uploads\/2020\/04\/gazetka2-697x1024.jpeg 697w, https:\/\/szkolawszpitalu.ovh\/wp-content\/uploads\/2020\/04\/gazetka2-768x1129.jpeg 768w, https:\/\/szkolawszpitalu.ovh\/wp-content\/uploads\/2020\/04\/gazetka2-1045x1536.jpeg 1045w, https:\/\/szkolawszpitalu.ovh\/wp-content\/uploads\/2020\/04\/gazetka2-1393x2048.jpeg 1393w\" sizes=\"auto, (max-width: 1742px) 100vw, 1742px\" \/><\/a><\/figure>\n<\/figure>\n\n\n\n<hr class=\"wp-block-separator has-alpha-channel-opacity\"\/>\n\n\n\n<p class=\"has-text-color\" style=\"color:#0644e5\">W ramach akcji &#8222;Sprz\u0105tanie \u015bwiata&#8221; nauczyciele naszej szko\u0142y organizuj\u0105 zaj\u0119cia dla uczni\u00f3w-pacjent\u00f3w, podczas kt\u00f3rych rozwi\u0105zuj\u0105 quizy i konkursy tematyczne, a tak\u017ce wykonuj\u0105 szereg prac plastycznych.<\/p>\n\n\n<div class=\"wp-block-image\">\n<figure class=\"aligncenter is-resized\"><a href=\"https:\/\/szkolawszpitalu.ovh\/wp-content\/uploads\/2018\/10\/sprzatanie.jpg\"><img loading=\"lazy\" decoding=\"async\" src=\"https:\/\/szkolawszpitalu.ovh\/wp-content\/uploads\/2018\/10\/sprzatanie-300x184.jpg\" alt=\"\" class=\"wp-image-881\" width=\"487\" height=\"299\" srcset=\"https:\/\/szkolawszpitalu.ovh\/wp-content\/uploads\/2018\/10\/sprzatanie-300x184.jpg 300w, https:\/\/szkolawszpitalu.ovh\/wp-content\/uploads\/2018\/10\/sprzatanie-768x471.jpg 768w, https:\/\/szkolawszpitalu.ovh\/wp-content\/uploads\/2018\/10\/sprzatanie-1024x628.jpg 1024w\" sizes=\"auto, (max-width: 487px) 100vw, 487px\" \/><\/a><\/figure><\/div>","protected":false},"excerpt":{"rendered":"<p>Ka\u017cdego roku szkolnego organizujemy dla ma\u0142ych pacjent\u00f3w imprezy okoliczno\u015bciowe zwi\u0105zane z tradycj\u0105 &nbsp;i obrz\u0119dowo\u015bci\u0105, takie jak: &#8211; Spotkania z Pani\u0105 Jesieni\u0105 &#8211; Andrzejki &#8211; Wizyta \u015awi\u0119tego Miko\u0142aja &#8211; Bal karnawa\u0142owy &#8211; Powitanie wiosny &#8211; Dzie\u0144 Dziecka Imprezom tym cz\u0119sto towarzysz\u0105 &hellip; <a href=\"https:\/\/szkolawszpitalu.ovh\/?page_id=233\">Czytaj dalej <span class=\"meta-nav\">&rarr;<\/span><\/a><\/p>\n","protected":false},"author":1,"featured_media":0,"parent":437,"menu_order":2,"comment_status":"closed","ping_status":"closed","template":"","meta":{"footnotes":""},"class_list":["post-233","page","type-page","status-publish","hentry"],"_links":{"self":[{"href":"https:\/\/szkolawszpitalu.ovh\/index.php?rest_route=\/wp\/v2\/pages\/233","targetHints":{"allow":["GET"]}}],"collection":[{"href":"https:\/\/szkolawszpitalu.ovh\/index.php?rest_route=\/wp\/v2\/pages"}],"about":[{"href":"https:\/\/szkolawszpitalu.ovh\/index.php?rest_route=\/wp\/v2\/types\/page"}],"author":[{"embeddable":true,"href":"https:\/\/szkolawszpitalu.ovh\/index.php?rest_route=\/wp\/v2\/users\/1"}],"replies":[{"embeddable":true,"href":"https:\/\/szkolawszpitalu.ovh\/index.php?rest_route=%2Fwp%2Fv2%2Fcomments&post=233"}],"version-history":[{"count":39,"href":"https:\/\/szkolawszpitalu.ovh\/index.php?rest_route=\/wp\/v2\/pages\/233\/revisions"}],"predecessor-version":[{"id":2050,"href":"https:\/\/szkolawszpitalu.ovh\/index.php?rest_route=\/wp\/v2\/pages\/233\/revisions\/2050"}],"up":[{"embeddable":true,"href":"https:\/\/szkolawszpitalu.ovh\/index.php?rest_route=\/wp\/v2\/pages\/437"}],"wp:attachment":[{"href":"https:\/\/szkolawszpitalu.ovh\/index.php?rest_route=%2Fwp%2Fv2%2Fmedia&parent=233"}],"curies":[{"name":"wp","href":"https:\/\/api.w.org\/{rel}","templated":true}]}}