{"id":1628,"date":"2020-06-06T20:22:03","date_gmt":"2020-06-06T18:22:03","guid":{"rendered":"http:\/\/szkolawszpitalu.ovh\/?page_id=1628"},"modified":"2020-06-06T20:22:03","modified_gmt":"2020-06-06T18:22:03","slug":"w-swiecie-wilgotnych-lasow-rownikowych-mgr-katarzyna-osiecka-geografia","status":"publish","type":"page","link":"https:\/\/szkolawszpitalu.ovh\/?page_id=1628","title":{"rendered":"&#8222;W \u015bwiecie wilgotnych las\u00f3w r\u00f3wnikowych&#8221; &#8211; mgr Katarzyna Osiecka (geografia)"},"content":{"rendered":"\n<p><strong>Temat lekcji: W \u015bwiecie wilgotnych las\u00f3w r\u00f3wnikowych<\/strong><\/p>\n\n\n\n<p><strong>Cele og\u00f3lne:<br><\/strong>&#8211; poznanie charakterystycznych cech las\u00f3w r\u00f3wnikowych,<br>&#8211; uwra\u017cliwienie na los zwierz\u0105t.<\/p>\n\n\n\n<p><strong>Cele operacyjne:<br><\/strong>Ucze\u0144:<br>&#8211; wyja\u015bni, dlaczego zniszczenie las\u00f3w tropikalnych jest nieodwracalne,<br>&#8211; om\u00f3wi znaczenie las\u00f3w tropikalnych dla \u015bwiatowej przyrody,<br>&#8211; wymieni gatunki ro\u015blin i zwierz\u0105t \u017cyj\u0105cych w lesie r\u00f3wnikowym Ameryki Po\u0142udniowej,<br>&#8211; wska\u017ce na mapie miejsca wyst\u0119powania las\u00f3w r\u00f3wnikowych na Ziemi,<br>&#8211; om\u00f3wi klimat, jaki panuje w lasach r\u00f3wnikowych.&nbsp;<\/p>\n\n\n\n<p><strong>Metody:<br><\/strong>&#8211; pogadanka,<br>&#8211; wyk\u0142ad informacyjny,<br>&#8211; pokaz z u\u017cyciem komputera.&nbsp;<\/p>\n\n\n\n<p><strong>Formy:<br><\/strong>&#8211; indywidualna,<br>&#8211; zbiorowa.<\/p>\n\n\n\n<p><strong>\u015arodki, materia\u0142y, narz\u0119dzia dydaktyczne:<br><\/strong>&#8211; komputer,<br>&#8211; projektor multimedialny,<br>&#8211; programy multimedialne: &#8222;Encyklopedia kot\u00f3w&#8221;, &#8222;Encyklopedia przyrody\u201d<br>oraz &#8222;Encyklopedia ptak\u00f3w\u201d,<br>&#8211; test dla ka\u017cdego ucznia.&nbsp;<\/p>\n\n\n\n<p><strong>Przebieg zaj\u0119\u0107:&nbsp;<\/strong><\/p>\n\n\n\n<p><strong>1. Powitanie uczni\u00f3w<\/strong>.&nbsp;<\/p>\n\n\n\n<p><strong>2. Wprowadzenie nazwy &#8222;wilgotny las r\u00f3wnikowy&#8221;.<\/strong><br>R\u00f3wnikowy las deszczowy &#8211; ten ekosystem wyst\u0119puje na obszarach, gdzie klimat jest ciep\u0142y i stabilny. Las deszczowy wyst\u0119puje w Ameryce Po\u0142udniowej i \u015arodkowej, zw\u0142aszcza w dorzeczu Amazonki, w zachodniej i \u015brodkowej Afryce, skupiony wok\u00f3\u0142 rzeki Kongo, w rejonie Indo-Malajskim na Dalekim Wschodzie, Nowej Gwinei i na niewielkich obszarach p\u00f3\u0142nocno-wschodniej Australii.&nbsp;<\/p>\n\n\n\n<p><em>Bardzo trudno poda\u0107 definicj\u0119 lasu r\u00f3wnikowego, gdy\u017c istnieje kilka postaci tej formacji ro\u015blinnej. Ka\u017cda z nich ma odmienny uk\u0142ad i struktur\u0119. Wyst\u0119puje r\u00f3wnie\u017c\u00a0w nieco innych warunkach klimatycznych. S\u0105 w\u015br\u00f3d nich rozleg\u0142e nizinne lasy r\u00f3wnikowe, jak i tzw. lasy mgielne, porastaj\u0105ce stoki wysokich g\u00f3r. Jednak wszystkie maj\u0105 jedn\u0105 wsp\u00f3ln\u0105 cech\u0119: t\u0119tni\u0105 \u017cyciem. Pod wzgl\u0119dem bogactwa mierzonego liczb\u0105 form \u017cycia, lasy r\u00f3wnikowe stanowi\u0105 centrum \u017cycia na naszej planecie&#8221;.\u00a0<\/em><\/p>\n\n\n\n<p>(tekst zaczerpni\u0119ty zosta\u0142 z ksi\u0105\u017cki &#8222;Wilgotne lasy r\u00f3wnikowe&#8221; pod redakcj\u0105 Normana Myersa)\u00a0<\/p>\n\n\n\n<p><strong>3. Poznanie warunk\u00f3w klimatycznych cech krajobrazu las\u00f3w r\u00f3wnikowych.<\/strong><br><\/p>\n\n\n\n<p>Zaprezentowanie programu multimedialnego <strong>&#8222;Encyklopedia przyrody&#8221;<\/strong> &#8211; tropikalny las deszczowy.<\/p>\n\n\n\n<p>Nauczyciel podaje informacj\u0119 o strefie tropikalnej:<br><em>&#8222;Jest to strefa rozci\u0105gaj\u0105ca si\u0119 mi\u0119dzy Zwrotnikiem Raka, na p\u00f3\u0142noc od r\u00f3wnika,<br>a Zwrotnikiem Kozioro\u017cca, na po\u0142udnie od r\u00f3wnika.<br>Klimat jest gor\u0105cy i wilgotny, a charakterystycznym typem ro\u015blinno\u015bci jest las r\u00f3wnikowy.&nbsp;<\/em><\/p>\n\n\n\n<p>Klimat r\u00f3wnikowy stwarza ro\u015blinom idealne warunki rozwoju. Tylko w tej strefie nie ma p\u00f3r roku &#8211; ani ch\u0142odnej, ani suchej. Dlatego ro\u015bliny nie zrzucaj\u0105 li\u015bci. Panuj\u0105ce przez ca\u0142y rok wysoka temperatura powietrza i wilgotno\u015b\u0107 sprzyjaj\u0105 wzrostowi ro\u015blin. Roczna suma opad\u00f3w wynosi 2000-4000 mm, przy czym s\u0105 one roz\u0142o\u017cone r\u00f3wnomiernie w ci\u0105gu ca\u0142ego roku, a deszcz pada codziennie. Deszcz, kt\u00f3ry pada codziennie, jest tak niezwyk\u0142y, \u017ce &#8222;pocz\u0105tkuj\u0105cy&#8221; podr\u00f3\u017cnicy, naukowcy i poszukiwacze nie s\u0105 odpowiednio przygotowani do spotkania z nim. Przebywanie w lesie r\u00f3wnikowym podczas og\u0142uszaj\u0105cego szumu ulewy, kt\u00f3remu akompaniuj\u0105 wyjce, jest prze\u017cyciem, kt\u00f3rego do\u015bwiadczy\u0142o tylko niewielu ludzi pochodz\u0105cych ze strefy umiarkowanej&#8221;.\u00a0<\/p>\n\n\n\n<ul class=\"wp-block-list\"><li><strong>4. Fauna las\u00f3w tropikalnych w Ameryce Po\u0142udniowej.<\/strong><br>Nauczyciel omawia faun\u0119 las\u00f3w tropikalnych.<br>a) w koronach drzew <\/li><li>Zaprezentowanie programu multimedialnego <strong>&#8222;Encyklopedia ptak\u00f3w&#8221;<br>* <\/strong>dzi\u00f3b tukana &#8211; film,<br>* \u017ceruj\u0105cy koliber &#8211; film. <\/li><li>Zaprezentowanie programu multimedialnego <strong>&#8222;Encyklopedia przyrody&#8221;<br>* <\/strong>tukan t\u0119czodzioby &#8211; odg\u0142os i zdj\u0119cie,<br>* wyjec rudy &#8211; odg\u0142os i zdj\u0119cie,<br>* leniwiec tr\u00f3jpalczasty &#8211; zdj\u0119cie.<br>b) poziom koron ni\u017cszych drzew<br>&#8211; <strong>ara \u017c\u00f3\u0142toskrzyd\u0142a,<br><\/strong>&#8211; film pt. &#8222;Handel dzikimi ptakami&#8221; (Encyklopedia ptak\u00f3w). Nauczyciel porusza problem handlu dzikimi zwierz\u0119tami.<br>&#8211; <strong>jaguar,<\/strong><\/li><li>Zaprezentowanie programu multimedialnego &#8222;Encyklopedia kot\u00f3w&#8221; &#8211; film &#8222;Jaguar \u0142owi\u0105cy ryby&#8221;<br>&#8211; <strong>legwan zielony,<br><\/strong>c) dno lasu<br><strong>&#8211; kapibara,<br><\/strong>&#8211;<strong> tapir anta.<\/strong><\/li><\/ul>\n\n\n\n<p><strong>5. Flora las\u00f3w tropikalnych Ameryki Po\u0142udniowej.<\/strong><br>Zaprezentowanie programu multimedialnego <strong>&#8222;Encyklopedia przyrody&#8221;.<br><\/strong>&#8211; <strong>puchowiec pi\u0119ciopr\u0119cikowy,<br><\/strong>&#8211; <strong>figowiec,<br><\/strong>&#8211; <strong>filodendron,<br><\/strong>&#8211; <strong>ananasowiec.&nbsp;<\/strong><\/p>\n\n\n\n<p><strong>6. Znaczenie i zagro\u017cenia las\u00f3w r\u00f3wnikowych.<br><\/strong>Nawi\u0105zujemy do dzia\u0142alno\u015bci cz\u0142owieka na tym terenie i konsekwencji tej dzia\u0142alno\u015bci. Podkre\u015blamy, \u017ce niszcz\u0105c lasy tropikalne, niszczy si\u0119 r\u00f3wnie\u017c bogactwo gatunkowe, kt\u00f3rego warto\u015bci nie znamy, poniewa\u017c wiele z tych gatunk\u00f3w nie zosta\u0142o dotychczas opisanych.&nbsp;<\/p>\n\n\n\n<p><strong>7. Uczniowie rozwi\u0105zuj\u0105 test powt\u00f3rzeniowy.&nbsp;<\/strong><\/p>\n\n\n\n<figure class=\"wp-block-image size-large is-resized\"><a href=\"https:\/\/szkolawszpitalu.ovh\/wp-content\/uploads\/2020\/06\/testgeo.jpg\"><img loading=\"lazy\" decoding=\"async\" src=\"https:\/\/szkolawszpitalu.ovh\/wp-content\/uploads\/2020\/06\/testgeo.jpg\" alt=\"\" class=\"wp-image-1624\" width=\"361\" height=\"466\" srcset=\"https:\/\/szkolawszpitalu.ovh\/wp-content\/uploads\/2020\/06\/testgeo.jpg 686w, https:\/\/szkolawszpitalu.ovh\/wp-content\/uploads\/2020\/06\/testgeo-233x300.jpg 233w\" sizes=\"auto, (max-width: 361px) 100vw, 361px\" \/><\/a><\/figure>\n\n\n\n<p>8. Podsumowanie zaj\u0119\u0107.<\/p>\n\n\n\n<p><strong>INFORMACJE DLA UCZNIA<\/strong><\/p>\n\n\n\n<p><strong>Ara \u017c\u00f3\u0142toskrzyd\u0142a<\/strong> &#8211; ptaki te znane s\u0105 z niezwykle kolorowego upierzenia. S\u0105 ptakami stadnymi. Zwykle tworz\u0105 niewielkie grupy, licz\u0105ce ok. 20 cz\u0142onk\u00f3w. Po\u017cywienie: owoce, orzechy i nasiona ro\u015blin. Dzi\u00f3b tych ptak\u00f3w jest bardzo silny, s\u0142u\u017cy do obrony, do rozbijania twardych \u0142upin. Wszystkie \u017ceruj\u0105 wsp\u00f3lnie, a o zachodzie s\u0142o\u0144ca wracaj\u0105 do w\u0142asnych sypialni. Korony drzew &#8211; to najlepsze miejsce odpoczynku dla ar. Nie zmieniaj\u0105 go przez ca\u0142e lata.<br>Pi\u00f3ra papug od dawna stanowi\u0142y cenn\u0105 zdobycz. Poniewa\u017c podczas sprzeda\u017cy osi\u0105gaj\u0105 bardzo wysokie ceny, wiele z nich jest nielegalnie przemycanych za granic\u0119. Ogromna ilo\u015b\u0107 ptak\u00f3w ginie podczas od\u0142awiana i transportu. Ara \u017c\u00f3\u0142toskrzyd\u0142a jest gatunkiem zagro\u017conym, handel ni\u0105 jest zabroniony.<br>Jeszcze do niedawna ten jaskrawo ubarwiony ptak by\u0142 bardzo cz\u0119sto spotykany\u00a0w wielu lasach Ameryki \u015arodkowej i Po\u0142udniowej. Ale ostatnio jego liczebno\u015b\u0107 drastycznie si\u0119 zmniejszy\u0142a &#8211; niszczenie \u015brodowisk naturalnych, \u0142owienie ich\u00a0do ogrod\u00f3w zoologicznych i prywatnych dom\u00f3w.\u00a0<\/p>\n\n\n\n<p><strong>Jaguar<\/strong> &#8211; ma kr\u0119pe cia\u0142o i silne, kr\u00f3tkie ko\u0144czyny, jest doskona\u0142ym wspinaczem\u00a0i dobrym p\u0142ywakiem. Pomimo pot\u0119\u017cnej budowy, atakuj\u0105c ofiar\u0119, porusza si\u0119 b\u0142yskawicznie. Poluje zwykle noc\u0105. Ukryty oczekuje na pojawienie si\u0119 ofiary lub \u015bledzi j\u0105, skradaj\u0105c si\u0119 w\u015br\u00f3d ro\u015blin. Zjada ptaki, ryby, ssaki i gady (\u017caby, \u017c\u00f3\u0142wie, kapibara). Dobrze p\u0142ywa i lubi przebywa\u0107 w pobli\u017cu wody. Z wyj\u0105tkiem okresu godowego, jaguar prowadzi samotny tryb \u017cycia. Wycinanie las\u00f3w tropikalnych gwa\u0142townie ogranicza tereny \u0142owieckie jaguar\u00f3w, a co za tym idzie, ich liczebno\u015b\u0107. Innym zagro\u017ceniem jest handel ich sk\u00f3rami.<\/p>\n\n\n\n<p><strong>Legwan zielony &#8211; <\/strong>jest ogromn\u0105 jaszczurk\u0105, kt\u00f3rej d\u0142ugo\u015b\u0107 mo\u017ce dochodzi\u0107 do 1,5 m. Od czubka g\u0142owy do ko\u0144ca ogona przebiega kolczasty, wysoki grzebie\u0144, kt\u00f3remu zawdzi\u0119cza wygl\u0105d smoka. Jest ro\u015blino\u017cerny. Od czasu do czasu zjada r\u00f3wnie\u017c owady. Prowadzi nadrzewny tryb \u017cycia, w pobli\u017cu wody. Przy najmniejszym zagro\u017ceniu spada z drzewa do wody i nurkuje.<\/p>\n\n\n\n<p><strong>Kapibara &#8211; <\/strong>wa\u017c\u0105ca do 65 kg jest najwi\u0119kszym gryzoniem \u015bwiata. Jest \u015bwietnym p\u0142ywakiem, dobrze przystosowanym do \u017cycia w wodzie. Cz\u0119sto pozostaje tam niemal ca\u0142kowicie zanurzona, wystawiaj\u0105c nad powierzchni\u0119 jedynie oczy, uszy i nozdrza. Jest zwierz\u0119ciem towarzyskim, \u017cyje w grupach licz\u0105cych do 15 osobnik\u00f3w. Zjada traw\u0119, ro\u015bliny wodne.<\/p>\n\n\n\n<p><strong>Tapir anta &#8211; <\/strong>bardzo zabawne zwierz\u0119 z tego tapira! Ma tu\u0142\u00f3w gruby jak \u015bwinka, pysk zako\u0144czony ma\u0142\u0105 ruchliw\u0105 tr\u0105bk\u0105, a od \u015brodka g\u0142owy po k\u0142\u0105b wyrasta kr\u00f3tka grzywa.<br>T\u0105 ma\u0142\u0105 tr\u0105b\u0105 wyrywa ro\u015bliny, kt\u00f3rymi si\u0119 \u017cywi. Kiedy jest w wodzie pos\u0142uguje si\u0119 ni\u0105 jak &#8222;tub\u0105&#8221; do oddychania. Jest zreszt\u0105 \u015bwietnym p\u0142ywakiem i sp\u0119dza du\u017co czasu&nbsp;<\/p>\n\n\n\n<p>w wodzie, aby si\u0119 och\u0142odzi\u0107 i pozby\u0107 uci\u0105\u017cliwych paso\u017cyt\u00f3w. Jest te\u017c zdolny do szybkiego biegu. Tapir &#8211; to zwierz\u0119 spokojne i p\u0142ochliwe. Prowadzi nocny tryb \u017cycia; w dzie\u0144 \u015bpi, a noc\u0105 wyrusza na poszukiwanie po\u017cywienia. Zjada traw\u0119, ro\u015blinno\u015b\u0107 wodn\u0105, li\u015bcie, p\u0119dy i p\u0105czki ro\u015blin.<\/p>\n\n\n\n<p><strong>Test wiedzy na temat wilgotnych las\u00f3w r\u00f3wnikowych:<\/strong><\/p>\n\n\n\n<p><a href=\"https:\/\/samequizy.pl\/test-wiedzy-na-temat-wilgotnych-lasow-rownikowych-zapraszamy\/\">https:\/\/samequizy.pl\/test-wiedzy-na-temat-wilgotnych-lasow-rownikowych-zapraszamy\/<\/a><\/p>\n","protected":false},"excerpt":{"rendered":"<p>Temat lekcji: W \u015bwiecie wilgotnych las\u00f3w r\u00f3wnikowych Cele og\u00f3lne:&#8211; poznanie charakterystycznych cech las\u00f3w r\u00f3wnikowych,&#8211; uwra\u017cliwienie na los zwierz\u0105t. Cele operacyjne:Ucze\u0144:&#8211; wyja\u015bni, dlaczego zniszczenie las\u00f3w tropikalnych jest nieodwracalne,&#8211; om\u00f3wi znaczenie las\u00f3w tropikalnych dla \u015bwiatowej przyrody,&#8211; wymieni gatunki ro\u015blin i zwierz\u0105t \u017cyj\u0105cych &hellip; <a href=\"https:\/\/szkolawszpitalu.ovh\/?page_id=1628\">Czytaj dalej <span class=\"meta-nav\">&rarr;<\/span><\/a><\/p>\n","protected":false},"author":1,"featured_media":0,"parent":0,"menu_order":0,"comment_status":"closed","ping_status":"closed","template":"","meta":{"footnotes":""},"class_list":["post-1628","page","type-page","status-publish","hentry"],"_links":{"self":[{"href":"https:\/\/szkolawszpitalu.ovh\/index.php?rest_route=\/wp\/v2\/pages\/1628","targetHints":{"allow":["GET"]}}],"collection":[{"href":"https:\/\/szkolawszpitalu.ovh\/index.php?rest_route=\/wp\/v2\/pages"}],"about":[{"href":"https:\/\/szkolawszpitalu.ovh\/index.php?rest_route=\/wp\/v2\/types\/page"}],"author":[{"embeddable":true,"href":"https:\/\/szkolawszpitalu.ovh\/index.php?rest_route=\/wp\/v2\/users\/1"}],"replies":[{"embeddable":true,"href":"https:\/\/szkolawszpitalu.ovh\/index.php?rest_route=%2Fwp%2Fv2%2Fcomments&post=1628"}],"version-history":[{"count":1,"href":"https:\/\/szkolawszpitalu.ovh\/index.php?rest_route=\/wp\/v2\/pages\/1628\/revisions"}],"predecessor-version":[{"id":1629,"href":"https:\/\/szkolawszpitalu.ovh\/index.php?rest_route=\/wp\/v2\/pages\/1628\/revisions\/1629"}],"wp:attachment":[{"href":"https:\/\/szkolawszpitalu.ovh\/index.php?rest_route=%2Fwp%2Fv2%2Fmedia&parent=1628"}],"curies":[{"name":"wp","href":"https:\/\/api.w.org\/{rel}","templated":true}]}}