{"id":1537,"date":"2020-05-22T15:07:07","date_gmt":"2020-05-22T13:07:07","guid":{"rendered":"http:\/\/szkolawszpitalu.ovh\/?page_id=1537"},"modified":"2020-06-06T20:08:45","modified_gmt":"2020-06-06T18:08:45","slug":"swieto-polskiej-niezapominajki-mgr-justyna-osiecka","status":"publish","type":"page","link":"https:\/\/szkolawszpitalu.ovh\/?page_id=1537","title":{"rendered":"&#8222;\u015awi\u0119to polskiej niezapominajki&#8221; &#8211; mgr Justyna Osiecka"},"content":{"rendered":"\n<p><strong>Grupa:&nbsp;<\/strong>5 \u2013 6 latki<\/p>\n\n\n\n<p><strong>Cele og\u00f3lne :<\/strong><\/p>\n\n\n\n<p>&#8211; rozbudzanie w dzieciach mi\u0142o\u015bci i szacunku do otaczaj\u0105cej nas przyrody<br>oraz do drugiego cz\u0142owieka;<br>&#8211; zapoznanie dzieci z wyj\u0105tkowym&nbsp;\u015bwi\u0119tem-&nbsp;\u015awi\u0119tem Niezapominajki;<br>&#8211; kszta\u0142towanie postawy proekologicznej maj\u0105cej na celu ochron\u0119&nbsp;i zachowanie naszej polskiej, r\u00f3\u017cnorodnej przyrody;<\/p>\n\n\n\n<p><strong>Cele szczeg\u00f3<\/strong><strong>\u0142<\/strong><strong>owe :<\/strong><\/p>\n\n\n\n<p>Dziecko:<br>&#8211; dostrzega, rozumie, prze\u017cywa warto\u015bci przyrodnicze,<br>&#8211; poprzez bezpo\u015bredni kontakt z przyrod\u0105&nbsp;podziwia jej pi\u0119kno, rozbudza szacunek wzgl\u0119dem niej, przezywa rado\u015b\u0107&nbsp;obcowania wobec niej,<br>&#8211; prezentuje w\u0142a\u015bciw\u0105&nbsp;postaw\u0119&nbsp;wobec&nbsp;\u015brodowiska naturalnego,<br>&#8211; kocha, szanuje, lubi i pami\u0119ta o bliskich osobach (przyjacio\u0142ach),<br>&#8211; zna nazwy wiosennych kwiat\u00f3w chronionych,<br>&#8211; dba o czysto\u015b\u0107&nbsp;i porz\u0105dek najbli\u017cszego otoczenia,<br>&#8211; pobudza wyobra\u017ani\u0119&nbsp;i tw\u00f3rcze dzia\u0142anie,<br>&#8211; pos\u0142uguje si\u0119 \u015brodkami plastycznymi.<\/p>\n\n\n\n<p><strong>Metody aktywizuj\u0105ce dzieci:<\/strong><\/p>\n\n\n\n<ul class=\"wp-block-list\"><li>s\u0142owna \u2013 obja\u015bnienia, instrukta\u017c, wiersz, rozmowa,<\/li><li> czynna \u2013 kierowanie w\u0142asn\u0105&nbsp;dzia\u0142alno\u015bci\u0105&nbsp;dziecka, zada\u0144&nbsp;stawianych dziecku,<\/li><li>ogl\u0105dowa \u2013 pokaz, ilustracja, sylwety<\/li><\/ul>\n\n\n\n<p><strong>\u015arodki dydaktyczne:<\/strong><\/p>\n\n\n\n<ul class=\"wp-block-list\"><li>tekst \u2013 wiadomo\u015bci z Internetu na temat&nbsp;\u015awi\u0119ta Polskiej Niezapominajki, ilustracje, naturalne okazy \u2013 sadzonki, szpadelek, grabki, r\u0119kawice, wiersz pt. \u201eNiezapominajka\u201d A. Gacek, papier koloru niebieskiego, wycinanka samoprzylepna,&nbsp;\u017c\u00f3\u0142ta, kredki, kolorowanka \u2013 Niezapominajka, magnetofon, p\u0142yty z piosenkami dla dzieci, kosz, woreczki koloru niebieskiego, tarcza niebieska, cukierki.<\/li><\/ul>\n\n\n\n<p><strong>Przebieg:<\/strong><\/p>\n\n\n\n<ol class=\"wp-block-list\"><li>Rozmowa na temat&nbsp;\u015awi\u0119ta Polskiej Niezapominajki \u2013 przybli\u017cenie dzieciom historii i znaczenia tego&nbsp;\u015bwi\u0119ta.<\/li><li>Konkurs plastyczny \u201eNiezapominajka\u201d \u2013 dzieci wype\u0142niaj\u0105&nbsp;kontur bukietu niezapominajkowego.<\/li><li>S\u0142uchanie wiersza \u201e<em>Niezapominajki<\/em>\u201d<\/li><\/ol>\n\n\n\n<p><em>Nad modra stru\u017ck\u0105, nad stawem szerokim. <\/em><\/p>\n\n\n\n<p><em>Z niebieskich p\u0142atk\u00f3w patrzy&nbsp;\u017c\u00f3\u0142tym okiem.<\/em><\/p>\n\n\n\n<p><em>Chocia\u017c&nbsp;male\u0144ka i ubrana skromnie <\/em><\/p>\n\n\n\n<p><em>Prosi cichutko \u2013 nie zapomnij o mnie<\/em><\/p>\n\n\n\n<p>&#8211; swobodne wypowiedzi na temat wiersza.<\/p>\n\n\n\n<p>4. Konkurs \u201eKotylion niezapominajkowy\u201d \u2013 wykonanie kotylionu z niebieskiego papieru, a&nbsp;\u015brodki dzieci naklejaj\u0105&nbsp;z wycinanki samoprzylepnej.<br>5. Konkurs piosenki \u2013 indywidualny i grupowy&nbsp;\u015bpiew ulubionych piosenek.<\/p>\n\n\n\n<p><em>Piosenka: <strong>Kwiatki &#8211; Bratki<\/strong><\/em><\/p>\n\n\n\n<p><em>Jestem sobie ogrodniczka, mam nasionek p\u00f3\u0142&nbsp;koszyczka. Jedne g\u0142adkie, drugie w&nbsp;\u0142atki a z tych nasion b\u0119d\u0105&nbsp;kwiatki<\/em><\/p>\n\n\n\n<p><em>Ref. Kwiatki, bratki i stokrotki, dla Malwinki, dla Dorotki. Kolorowe i pachn<\/em><em>\u0105<\/em><em>ce, malowane s<\/em><em>\u0142<\/em><em>o<\/em><em>\u0144<\/em><em>cem.<\/em><\/p>\n\n\n\n<p><em>Mam konewk\u0119&nbsp;z du\u017cym uchem, co podlewa grz\u0105dki suche, mam&nbsp;\u0142opatk\u0119&nbsp;oraz grabki,<br>bo ja dbam<\/em> <em>o moje kwiatki.<\/em><\/p>\n\n\n\n<p><em>Ref. &#8230;<\/em><\/p>\n\n\n\n<p>7. Rewia mody \u2013 niezapominajkowy str\u00f3j \u2013 sprawne i eleganckie chodzenie po wybiegu, prezentacja \u201eniebieskiego ubrania\u201d.<br>8. Zabawy ruchowe &#8211; rzut do kosza niezapominajkowym woreczkiem i rzut do niebieskiej tarczy.<br>9. Bal Niezapominajek \u2013 wyb\u00f3r najpi\u0119kniejszej Niezapominajki, czyli kr\u00f3la i kr\u00f3lowej niezapominajkowej.<br>10. S\u0142odki pocz\u0119stunek \u2013 niezapominajkowe cukierki.<\/p>\n\n\n\n<p><br>W tym dniu wszyscy bawi\u0105&nbsp;si\u0119&nbsp;na \u201eniebiesko\u201d. Dzieci s\u0105&nbsp;u\u015bmiechni\u0119te, radosne oraz pami\u0119taj\u0105&nbsp;o polskiej przyrodzie na co dzie\u0144.<\/p>\n\n\n\n<p><strong>Kolorowanki:<\/strong><\/p>\n\n\n\n<p><a href=\"http:\/\/www.supercoloring.com\/pl\/kolorowanki\/kwiaty\/niezapominajka\">http:\/\/www.supercoloring.com\/pl\/kolorowanki\/kwiaty\/niezapominajka<\/a><\/p>\n\n\n\n<p><strong>Piosenka &#8222;Kwiatki bratki&#8221; &#8211; CHOCHLIKI<\/strong><\/p>\n\n\n\n<figure class=\"wp-block-embed-youtube wp-block-embed is-type-video is-provider-youtube wp-embed-aspect-16-9 wp-has-aspect-ratio\"><div class=\"wp-block-embed__wrapper\">\n<iframe loading=\"lazy\" title=\"Kwiatki bratki - CHOCHLIKI\" width=\"640\" height=\"360\" src=\"https:\/\/www.youtube.com\/embed\/KoAEIDEzG3Y?feature=oembed\" frameborder=\"0\" allow=\"accelerometer; autoplay; clipboard-write; encrypted-media; gyroscope; picture-in-picture; web-share\" referrerpolicy=\"strict-origin-when-cross-origin\" allowfullscreen><\/iframe>\n<\/div><\/figure>\n\n\n\n<p><\/p>\n","protected":false},"excerpt":{"rendered":"<p>Grupa:&nbsp;5 \u2013 6 latki Cele og\u00f3lne : &#8211; rozbudzanie w dzieciach mi\u0142o\u015bci i szacunku do otaczaj\u0105cej nas przyrodyoraz do drugiego cz\u0142owieka;&#8211; zapoznanie dzieci z wyj\u0105tkowym&nbsp;\u015bwi\u0119tem-&nbsp;\u015awi\u0119tem Niezapominajki;&#8211; kszta\u0142towanie postawy proekologicznej maj\u0105cej na celu ochron\u0119&nbsp;i zachowanie naszej polskiej, r\u00f3\u017cnorodnej przyrody; Cele szczeg\u00f3\u0142owe &hellip; <a href=\"https:\/\/szkolawszpitalu.ovh\/?page_id=1537\">Czytaj dalej <span class=\"meta-nav\">&rarr;<\/span><\/a><\/p>\n","protected":false},"author":1,"featured_media":0,"parent":0,"menu_order":0,"comment_status":"closed","ping_status":"closed","template":"","meta":{"footnotes":""},"class_list":["post-1537","page","type-page","status-publish","hentry"],"_links":{"self":[{"href":"https:\/\/szkolawszpitalu.ovh\/index.php?rest_route=\/wp\/v2\/pages\/1537","targetHints":{"allow":["GET"]}}],"collection":[{"href":"https:\/\/szkolawszpitalu.ovh\/index.php?rest_route=\/wp\/v2\/pages"}],"about":[{"href":"https:\/\/szkolawszpitalu.ovh\/index.php?rest_route=\/wp\/v2\/types\/page"}],"author":[{"embeddable":true,"href":"https:\/\/szkolawszpitalu.ovh\/index.php?rest_route=\/wp\/v2\/users\/1"}],"replies":[{"embeddable":true,"href":"https:\/\/szkolawszpitalu.ovh\/index.php?rest_route=%2Fwp%2Fv2%2Fcomments&post=1537"}],"version-history":[{"count":3,"href":"https:\/\/szkolawszpitalu.ovh\/index.php?rest_route=\/wp\/v2\/pages\/1537\/revisions"}],"predecessor-version":[{"id":1615,"href":"https:\/\/szkolawszpitalu.ovh\/index.php?rest_route=\/wp\/v2\/pages\/1537\/revisions\/1615"}],"wp:attachment":[{"href":"https:\/\/szkolawszpitalu.ovh\/index.php?rest_route=%2Fwp%2Fv2%2Fmedia&parent=1537"}],"curies":[{"name":"wp","href":"https:\/\/api.w.org\/{rel}","templated":true}]}}