{"id":1535,"date":"2020-05-22T15:01:14","date_gmt":"2020-05-22T13:01:14","guid":{"rendered":"http:\/\/szkolawszpitalu.ovh\/?page_id=1535"},"modified":"2020-05-22T15:01:14","modified_gmt":"2020-05-22T13:01:14","slug":"pogoda-a-klimat-mgr-katarzyna-osiecka-geografia","status":"publish","type":"page","link":"https:\/\/szkolawszpitalu.ovh\/?page_id=1535","title":{"rendered":"&#8222;Pogoda a klimat&#8221; &#8211; mgr Katarzyna Osiecka (geografia)"},"content":{"rendered":"\n<p><strong>Temat lekcji: Pogoda a klimat<\/strong><\/p>\n\n\n\n<p><strong>Cele lekcji:<\/strong> <\/p>\n\n\n\n<p>&#8211; ucze\u0144\u00a0po lekcji powinien:<\/p>\n\n\n\n<ul class=\"wp-block-list\"><li>wiedzie\u0107\u00a0co to jest pogoda, klimat, sk\u0142adniki pogody i klimatu,<\/li><li>rozumie\u0107\u00a0jaka jest r\u00f3\u017cnica mi\u0119dzy pogod\u0105\u00a0a klimatem,<\/li><li>zdoby\u0107\u00a0umiej\u0119tno\u015bci obliczania\u00a0\u015bredniej temperatury i amplitudy temperatury powietrza,<\/li><li>umie\u0107\u00a0odczytywa\u0107\u00a0dane zapisane w formie wykres\u00f3w klimatycznych.<\/li><\/ul>\n\n\n\n<p><strong>Metody i formy pracy:<\/strong><\/p>\n\n\n\n<ul class=\"wp-block-list\"><li>indywidualna i zbiorowa,<\/li><\/ul>\n\n\n\n<p><strong>\u015a<\/strong><strong>rodki dydaktyczne:<\/strong><\/p>\n\n\n\n<ul class=\"wp-block-list\"><li>podr\u0119cznik, dane z internetu (prognoza pogody, dane dotycz\u0105ce sk\u0142adnik\u00f3w pogody dla danego obszaru na TVN 24 prognoza pogody, Youtube)<\/li><\/ul>\n\n\n\n<p><strong>Cz\u0119\u015b\u0107\u00a0organizacyjna:<br><\/strong>&#8211; podanie tematu i cel\u00f3w lekcji<\/p>\n\n\n\n<p><strong>Cz<\/strong><strong>\u0119\u015b\u0107&nbsp;<\/strong><strong>zasadnicza:<\/strong><\/p>\n\n\n\n<ul class=\"wp-block-list\"><li>sprawdzenie wiedzy zdobytej na wcze\u015bniejszych lekcjach,<br>szukanie w podr\u0119czniku wyja\u015bnienia poj\u0119\u0107: pogoda, klimat, sk\u0142adniki pogody<br>i klimatu,<\/li><li>korzystanie z Internetu: Youtube &#8211; film \u201eCo to jest pogoda?\u201d,<br>wyszukiwanie informacji w internecie na temat kr\u00f3tko i d\u0142ugoterminowych prognoz pogody,<\/li><li>uczenie si\u0119\u00a0odczytywania danych dotycz\u0105cych sk\u0142adnik\u00f3w klimatu z wykres\u00f3w klimatycznych oraz obliczanie\u00a0\u015bredniej temperatury i amplitudy temperatury rocznej,<\/li><\/ul>\n\n\n\n<p><strong>Podsumowanie:<\/strong><br>&#8211; powt\u00f3rzenie poznanych poj\u0119\u0107, ocena aktywno\u015bci uczni\u00f3w,<\/p>\n\n\n\n<p><strong>Quiz &#8211; Jak dobrze znasz dzia<\/strong><strong>\u0142&nbsp;<\/strong><strong>o klimacie?<\/strong><\/p>\n\n\n\n<p><a href=\"https:\/\/samequizy.pl\/jak-dobrze-znasz-dzial-o-klimacie\/\">https:\/\/samequizy.pl\/jak-dobrze-znasz-dzial-o-klimacie\/<\/a><\/p>\n\n\n\n<p><strong>Film &#8211; Co to jest pogoda?<\/strong><\/p>\n\n\n\n<figure class=\"wp-block-embed-youtube wp-block-embed is-type-video is-provider-youtube wp-embed-aspect-16-9 wp-has-aspect-ratio\"><div class=\"wp-block-embed__wrapper\">\n<iframe loading=\"lazy\" title=\"Szko\u0142a Meteorologii - Rozdzia\u0142 1; #1\" width=\"640\" height=\"360\" src=\"https:\/\/www.youtube.com\/embed\/l_2ikfvautw?feature=oembed\" frameborder=\"0\" allow=\"accelerometer; autoplay; clipboard-write; encrypted-media; gyroscope; picture-in-picture; web-share\" referrerpolicy=\"strict-origin-when-cross-origin\" allowfullscreen><\/iframe>\n<\/div><\/figure>\n","protected":false},"excerpt":{"rendered":"<p>Temat lekcji: Pogoda a klimat Cele lekcji: &#8211; ucze\u0144\u00a0po lekcji powinien: wiedzie\u0107\u00a0co to jest pogoda, klimat, sk\u0142adniki pogody i klimatu, rozumie\u0107\u00a0jaka jest r\u00f3\u017cnica mi\u0119dzy pogod\u0105\u00a0a klimatem, zdoby\u0107\u00a0umiej\u0119tno\u015bci obliczania\u00a0\u015bredniej temperatury i amplitudy temperatury powietrza, umie\u0107\u00a0odczytywa\u0107\u00a0dane zapisane w formie wykres\u00f3w klimatycznych. Metody &hellip; <a href=\"https:\/\/szkolawszpitalu.ovh\/?page_id=1535\">Czytaj dalej <span class=\"meta-nav\">&rarr;<\/span><\/a><\/p>\n","protected":false},"author":1,"featured_media":0,"parent":0,"menu_order":0,"comment_status":"closed","ping_status":"closed","template":"","meta":{"footnotes":""},"class_list":["post-1535","page","type-page","status-publish","hentry"],"_links":{"self":[{"href":"https:\/\/szkolawszpitalu.ovh\/index.php?rest_route=\/wp\/v2\/pages\/1535","targetHints":{"allow":["GET"]}}],"collection":[{"href":"https:\/\/szkolawszpitalu.ovh\/index.php?rest_route=\/wp\/v2\/pages"}],"about":[{"href":"https:\/\/szkolawszpitalu.ovh\/index.php?rest_route=\/wp\/v2\/types\/page"}],"author":[{"embeddable":true,"href":"https:\/\/szkolawszpitalu.ovh\/index.php?rest_route=\/wp\/v2\/users\/1"}],"replies":[{"embeddable":true,"href":"https:\/\/szkolawszpitalu.ovh\/index.php?rest_route=%2Fwp%2Fv2%2Fcomments&post=1535"}],"version-history":[{"count":1,"href":"https:\/\/szkolawszpitalu.ovh\/index.php?rest_route=\/wp\/v2\/pages\/1535\/revisions"}],"predecessor-version":[{"id":1536,"href":"https:\/\/szkolawszpitalu.ovh\/index.php?rest_route=\/wp\/v2\/pages\/1535\/revisions\/1536"}],"wp:attachment":[{"href":"https:\/\/szkolawszpitalu.ovh\/index.php?rest_route=%2Fwp%2Fv2%2Fmedia&parent=1535"}],"curies":[{"name":"wp","href":"https:\/\/api.w.org\/{rel}","templated":true}]}}