{"id":1432,"date":"2020-05-04T08:07:25","date_gmt":"2020-05-04T06:07:25","guid":{"rendered":"http:\/\/szkolawszpitalu.ovh\/?page_id=1432"},"modified":"2020-05-04T08:07:25","modified_gmt":"2020-05-04T06:07:25","slug":"cwiczenia-pomagajace-rozwijac-wyobraznie-plynnosc-myslenia-kreatywnosc-oraz-ksztaltujace-umiejetnosc-pracy-w-grupie-mgr-barbara-nowakowska","status":"publish","type":"page","link":"https:\/\/szkolawszpitalu.ovh\/?page_id=1432","title":{"rendered":"\u0106wiczenia pomagaj\u0105ce rozwija\u0107 wyobra\u017ani\u0119, p\u0142ynno\u015b\u0107 my\u015blenia, kreatywno\u015b\u0107 oraz kszta\u0142tuj\u0105ce umiej\u0119tno\u015b\u0107 pracy w grupie &#8211; mgr Barbara Nowakowska"},"content":{"rendered":"\n<p>Wyb\u00f3r ciekawych pomys\u0142\u00f3w\u00a0na urozmaicenie zaj\u0119\u0107 \u015bwietlicowych dost\u0119pny\u00a0w literaturze i na stronach internetowych.<\/p>\n\n\n\n<p><a href=\"http:\/\/www.edukacja.edux.pl\/p-2757-ciekawe-pomysly-nie-tylko-na-nagle-zastepstwa.php\">http:\/\/www.edukacja.edux.pl\/p-2757-ciekawe-pomysly-nie-tylko-na-nagle-zastepstwa.php<\/a><\/p>\n\n\n\n<p>CZ\u0118\u015a\u0106 1<\/p>\n\n\n\n<p>ZABAWY S\u0141OWEM&nbsp;&#8211;&nbsp;RYMOWANKI, WYMY\u015aLANKI<\/p>\n\n\n\n<p>1. <strong>Znajd\u017a jak najwi\u0119cej<\/strong><\/p>\n\n\n\n<p>Zadaniem dzieci jest wyszukanie jak najwi\u0119kszej ilo\u015bci wyraz\u00f3w w okre\u015blonym czasie,&nbsp;np. przez 3 min.:<\/p>\n\n\n\n<p>&#8211;\u00a0na podan\u0105 przez nauczyciela liter\u0119,<br>&#8211;\u00a0zako\u0144czonych na\u00a0-ca, -wa itp.,<br>&#8211;\u00a0pi\u0119cioliterowych o okre\u015blonej pierwszej i ostatniej literze, np.: w&#8230;.r, k&#8230;.o, \u017c&#8230;.a,\u00a0&#8211;\u00a0zaczynaj\u0105cych si\u0119 lub ko\u0144cz\u0105cych na dan\u0105 sylab\u0119,<br>&#8211;\u00a0zawieraj\u0105cych w \u015brodku swej nazwy podan\u0105 g\u0142osk\u0119,<br>&#8211;\u00a0trzyg\u0142oskowych, czterog\u0142oskowych,<br>&#8211;\u00a0zawieraj\u0105cych samog\u0142osk\u0119: \u0119, \u0105, dwuznaki lub \u00f3, rz, h.<\/p>\n\n\n\n<p><br>2. <strong>Odgadywanie obrazk\u00f3w<\/strong><\/p>\n\n\n\n<p>Materia\u0142y: papier, o\u0142\u00f3wek&nbsp;lub flamaster.<\/p>\n\n\n\n<p>Rysujemy na papierze proste przedmioty lub postacie. Dzieci si\u0119 temu przygl\u0105daj\u0105 i pr\u00f3buj\u0105 tak szybko, jak to mo\u017cliwe, odgadn\u0105\u0107, co tak naprawd\u0119 jest tematem rysunku. Mo\u017cna tak\u017ce przedstawi\u0107 poj\u0119cia przy pomocy kilku obrazk\u00f3w, np. parasol s\u0142oneczny-&nbsp;rysujemy s\u0142o\u0144ce i parasol.<\/p>\n\n\n\n<p>3. <strong>Kojarzenie wyraz\u00f3w<\/strong><\/p>\n\n\n\n<p>Materia\u0142y: kartki, d\u0142ugopisy, o\u0142\u00f3wki lub flamastry.<\/p>\n\n\n\n<p>Dzieci wyszukuj\u0105 jak najwi\u0119cej wyraz\u00f3w, kt\u00f3re po po\u0142\u0105czeniu ze sob\u0105 utworz\u0105 nam nowy wyraz, np. prosty + k\u0105t = prostok\u0105t, grzyby + branie = grzybobranie. Mo\u017cna przy wi\u0119kszej ilo\u015bci dzieci zorganizowa\u0107 zawody, kto skojarzy wyraz najpr\u0119dzej lub skojarzy jak najwi\u0119ksz\u0105 ilo\u015b\u0107 wyraz\u00f3w.<\/p>\n\n\n\n<p>4.<strong> Rymy<\/strong><\/p>\n\n\n\n<p>Podajemy dzieciom jaki\u015b wyraz i wsp\u00f3lnie tworzymy do niego kilka rym\u00f3w(np. fili\u017canka\u00a0&#8211; skakanka &#8211; szklanka &#8211; polanka itd.). P\u00f3\u017aniej dzielimy dzieci na zespo\u0142y, kt\u00f3re znajduj\u0105 rymy do podanych przez nauczyciela wyraz\u00f3w. Wygrywa zesp\u00f3\u0142, kt\u00f3ry poda jak najwi\u0119ksz\u0105 ilo\u015b\u0107 rym\u00f3w w podanym czasie.<\/p>\n\n\n\n<p>5. <strong>\u015amieszne rymy<\/strong><\/p>\n\n\n\n<p>Rymowa\u0107 mo\u017cemy r\u00f3wnie\u017c kr\u00f3tkie zdania, przy czym sugerujemy uczniom, \u017ce maj\u0105 one by\u0107 pozbawione sensu. Podajemy dzieciom na przyk\u0142ad jakie\u015b zdanie, akcentuj\u0105c szczeg\u00f3lnie jaki\u015b wyraz, do kt\u00f3rego trzeba dobra\u0107 rym, a dzieci znajduj\u0105 jaki\u015b \u015bmieszny ci\u0105g dalszy (np. M\u00f3j kapelusz jest&nbsp;czerwony. &#8211;&nbsp;I szuka \u017cony., Ptaszek sobie sta\u0142.&nbsp;&#8211;&nbsp;I robi\u0142 hau, hau&#8230;).<\/p>\n\n\n\n<p>6. <strong>Imienne rymowanki<\/strong><\/p>\n\n\n\n<p>Dzieciom zazwyczaj si\u0119 podoba, kiedy w opowiadaniach pojawiaj\u0105 si\u0119 ich imiona. Dlatego te\u017c mo\u017cna spr\u00f3bowa\u0107 nam\u00f3wi\u0107 dzieci do stworzenia rym\u00f3w zawieraj\u0105cych ich imiona. Kolejnym utrudnieniem&nbsp;b\u0119dzie po\u0142\u0105czenie imienia i jakie\u015b cechy charakteru dziecka (np. To jest Ania, co w zim\u0119 bez czapki&nbsp;gania.).<\/p>\n\n\n\n<p>7. <strong>Rymowanka kulinarna<\/strong><\/p>\n\n\n\n<p>Dzielimy uczni\u00f3w na grupy. Zadaniem grup jest stworzenie zda\u0144 zawieraj\u0105cych rymy zwi\u0105zane z cz\u0119\u015bci\u0105 cia\u0142a i jak\u0105\u015b potraw\u0105, np.: Moje w\u0142osy s\u0105 jak nieko\u0144cz\u0105ce si\u0119 sosy.<\/p>\n\n\n\n<p>8. <strong>Uk\u0142adanie rebus\u00f3w, zagadek, krzy\u017c\u00f3wek<\/strong><\/p>\n\n\n\n<p>Czynno\u015bci temu towarzysz\u0105ce przezwyci\u0119\u017caj\u0105 u dzieci szablonowo\u015b\u0107 i sztywno\u015b\u0107 my\u015blenia, rozwijaj\u0105 p\u0142ynno\u015b\u0107 i gi\u0119tko\u015b\u0107. Umo\u017cliwiaj\u0105 wykorzystanie wiadomo\u015bci i do\u015bwiadcze\u0144 w nowych sytuacjach oraz opanowanie i utrwalenie wiedzy. Uk\u0142adaj\u0105c rebusy nale\u017cy pami\u0119ta\u0107, aby nie umieszcza\u0107 w nim rysunk\u00f3w odpowiadaj\u0105cych w ca\u0142o\u015bci danemu s\u0142owu. Dobrym rebusem jest ten, kt\u00f3rego tre\u015b\u0107 oddaje szereg rysunk\u00f3w bez \u017cadnych dodatkowych obja\u015bnie\u0144, dopisk\u00f3w, cyfr i znak\u00f3w. Podczas uk\u0142adania krzy\u017c\u00f3wek nale\u017cy pami\u0119ta\u0107, aby has\u0142a zawiera\u0142y wyrazy na tyle znane, by m\u00f3g\u0142 je odgadn\u0105\u0107 przeci\u0119tny ucze\u0144.<\/p>\n\n\n\n<p>9. <strong>Pl\u0105tanina<\/strong><\/p>\n\n\n\n<p>Nauczyciel pisze na tablicy dowolny, ale d\u0142ugi wyraz, np katapulta, czekoladopodobny,&nbsp;kontrowersja,&nbsp;czarodziejka, Ma\u0142gorzatka, Karolinka, Wielkanoc itp. Zadaniem ka\u017cdego ucznia lub grupy jest napisanie jak najwi\u0119kszej liczby wyraz\u00f3w powsta\u0142ych z liter wchodz\u0105cych w sk\u0142ad podanego wyrazu. Nale\u017cy z g\u00f3ry ustali\u0107 zasady, np. tylko rzeczowniki&nbsp;w mianowniku liczby pojedynczej i bezokoliczniki.<\/p>\n\n\n\n<p>10. <strong>Dwa w jednym<\/strong><\/p>\n\n\n\n<p>Zadaniem ka\u017cdej grupy jest napisanie jak najwi\u0119kszej liczby wyraz\u00f3w, w kt\u00f3rych ukryty jest inny wyraz (np. grudzie\u0144, kwiecie\u0144, czekolada).<\/p>\n\n\n\n<p>11. <strong>Ukryte wyrazy<\/strong><br>Zadaniem uczni\u00f3w jest wymy\u015blenie zda\u0144, w kt\u00f3rych ukryte zostan\u0105 wyrazy, np.: Ala ma o\u0142\u00f3wek. Ola je \u017curawin\u0119.<\/p>\n\n\n\n<p>12. <strong>Faszerowany mostek<\/strong><\/p>\n\n\n\n<p>Nauczyciel podaje s\u0142owo sk\u0142adaj\u0105ce si\u0119 z co najmniej o\u015bmiu, a najwi\u0119cej z dwunastu liter. S\u0142owo nie powinno zawiera\u0107 rzadko wyst\u0119puj\u0105cych w j\u0119zyku polskim liter. Ka\u017cde z dzieci wypisuje to s\u0142owo na swojej kartce przy jej lewej kraw\u0119dzi pionowo z g\u00f3ry w d\u00f3\u0142, a przy prawej kraw\u0119dzi z do\u0142u do g\u00f3ry. Litery po obu stronach s\u0105 pocz\u0105tkowymi i ko\u0144cowymi literami nowych s\u0142\u00f3w. Ka\u017cde z dzieci w okre\u015blonym czasie wypisuje nowe s\u0142owa. Musz\u0105 one wraz z literami przy kraw\u0119dziach tworzy\u0107 sensowne s\u0142owa. Ka\u017cdy odczytuje swoje s\u0142owa. Odczytywane s\u0142owa por\u00f3wnuj\u0105 z wypisanymi przez siebie. Je\u017celi odczytane s\u0142owo znajduje si\u0119 na kartkach innych dzieci musz\u0105 je oni wykre\u015bli\u0107. Wa\u017cne jest wi\u0119c wypisywanie niepospolitych s\u0142\u00f3w. Nale\u017cy policzy\u0107, u kogo pozosta\u0142o najwi\u0119cej nie skre\u015blonych s\u0142\u00f3w. On otrzymuje tytu\u0142 zwyci\u0119zcy.<\/p>\n\n\n\n<p>Przyk\u0142adowe wyrazy do wykorzystania: literatura, marmolada, kierowca, drogowskaz, malowid\u0142o,&nbsp;biblioteka, wakacje.<\/p>\n\n\n\n<p>13. <strong>Uk\u0142adamy s\u0142owa<\/strong><\/p>\n\n\n\n<p>Zadaniem dzieci jest tworzenie s\u0142\u00f3w, w ten spos\u00f3b aby nie dopu\u015bci\u0107 do uko\u0144czenia s\u0142\u00f3w. Pierwszy z uczni\u00f3w wymy\u015bla jakie\u015b s\u0142owo i zapisuje na kartce jego pierwsz\u0105 liter\u0119. Drugi z uczni\u00f3w musi znale\u017a\u0107 s\u0142owo rozpoczynaj\u0105ce si\u0119 od tej litery i nie wypowiadaj\u0105c go, dopisa\u0107 drug\u0105 liter\u0119. Ka\u017cdy z uczni\u00f3w musi uwa\u017ca\u0107, by po dopisaniu nowej litery nie powsta\u0142o pe\u0142ne s\u0142owo. Je\u015bli tak si\u0119 stanie, otrzymuje on punkt karny i runda si\u0119 ko\u0144czy. <\/p>\n\n\n\n<p>14. <strong>Harfa s\u0142owna<\/strong><\/p>\n\n\n\n<p>Podajemy dzieciom d\u0142ugie s\u0142owo. Wyznacza ono ramy naszego zadania. S\u0142owo to zapisuje si\u0119 na kartce, tak, aby w ka\u017cdej kratce znajdowa\u0142a si\u0119 jedna litera. Na bazie tego s\u0142owa tworzymy nowe s\u0142owa. Wpisuje si\u0119 je pionowo, wykorzystuj\u0105c pojedyncze litery s\u0142owa bazowego. Nowe s\u0142owa musz\u0105&nbsp;mie\u0107 dok\u0142adnie tak\u0105 d\u0142ugo\u015b\u0107, jaka wynika z kszta\u0142tu harfy. Aby u\u0142atwi\u0107 sobie rozwi\u0105zywanie, wygodnie jest zaznaczy\u0107 sobie cienk\u0105 lini\u0105 kontur harfy.<\/p>\n\n\n\n<p>15. <strong>Kalambury z przys\u0142owiami<\/strong><\/p>\n\n\n\n<p><a href=\"https:\/\/www.superkid.pl\/gry-i-zabawy-kalambury-z-przyslowiami\">https:\/\/www.superkid.pl\/gry-i-zabawy-kalambury-z-przyslowiami<\/a><\/p>\n\n\n\n<p>CZ\u0118\u015a\u0106 2<br>BLISKIE I ODLEG\u0141E SKOJARZENIA\u00a0<\/p>\n\n\n\n<p>1. <strong>Jak najwi\u0119cej<\/strong><\/p>\n\n\n\n<p>Dzieci&nbsp;wsp\u00f3lnie podaj\u0105 jak najwi\u0119ksz\u0105 ilo\u015b\u0107 skojarze\u0144 do podanego przez nauczyciela wyrazu. Jest to dobre \u0107wiczenie wprowadzaj\u0105ce do zaj\u0119\u0107 lub przygotowuj\u0105ce do tworzenia krzy\u017c\u00f3wek, rebus\u00f3w czy zagadek zwi\u0105zanych, np. ze \u015bwi\u0119tami Bo\u017cego Narodzenia.<\/p>\n\n\n\n<p>2. <strong>Wyszukiwanie skojarze\u0144 do podanych wyraz\u00f3w<\/strong><\/p>\n\n\n\n<p>Z listy dziecko\u00a0losuje dwa wyrazy i szuka do nich skojarze\u0144, p\u00f3\u017aniej skojarze\u0144 wsp\u00f3lnych \u0142\u0105cz\u0105cych\u00a0te dwa wyrazy.<\/p>\n\n\n\n<p>Przyk\u0142adowe wyrazy do wykorzystania: makaron, d\u0142ugopis, r\u00f3\u017ca, pomara\u0144cza, kalkulator, szpilka, las, t\u0119cza, p\u0119dzel, woda, droga, materia\u0142, kartka, patyk, zeszyt, ksi\u0105\u017cka, klucz, nitka, buty, pisarz, torpeda, skarpetki, bank, fabryka, kowal,\u00a0rower, ucho, dezodorant, zamek, czekolada, zas\u0142ona, klocki, dziecko, film, teatr, motyl, gruszka,\u00a0pieszy, kolczyk, tygrys, kolej, \u017cniwa, materac, w\u0119dka.<\/p>\n\n\n\n<p>3. <strong>\u0141a\u0144cuch skojarze\u0144<\/strong><\/p>\n\n\n\n<p>Dzieci siedz\u0105 w kr\u0119gu. Podajemy nazw\u0119 obiektu wyj\u015bciowego, np.: buty. Pierwsze dziecko podaje&nbsp;skojarzenie z obiektem wyj\u015bciowym, kolejne dziecko szuka skojarzenia do poprzedniego podanego przez koleg\u0119, np.: but&nbsp;&#8211; wycieczka &#8211; plecak &#8211;&nbsp;ci\u0119\u017car \u2013 d\u017awig&nbsp;&#8211; budowa itd. kiedy wszystkie dzieci&nbsp;podadz\u0105 swoje skojarzenia zmieniamy obiekt wyj\u015bciowy.<\/p>\n\n\n\n<p>4. <strong>Obrazki<\/strong><\/p>\n\n\n\n<p>Dzieci&nbsp;otrzymuj\u0105 dwa obrazki lub kliparty. Musz\u0105 wyszuka\u0107 jak najwi\u0119cej skojarze\u0144 \u0142\u0105cz\u0105cych te&nbsp;obrazki.<\/p>\n\n\n\n<p>CZ\u0118\u015a\u0106 3<br>ZDANIA, WIERSZE I INNE HISTORIE&#8230;\u00a0<\/p>\n\n\n\n<p>1. <strong>Znajd\u017a tytu\u0142<\/strong><\/p>\n\n\n\n<p>Ka\u017cda grupa pisze historyjk\u0119 na dowolny temat, jednak przy jej uk\u0142adaniu nale\u017cy wykorzysta\u0107 jak najwi\u0119ksz\u0105 liczb\u0119 tytu\u0142\u00f3w ksi\u0105\u017cek\/ film\u00f3w. Nast\u0119pnie przekazujemy drugiej grupie historyjki i jej&nbsp;zadaniem jest wyszukanie ukrytych tytu\u0142\u00f3w.<\/p>\n\n\n\n<p>2. <strong>List z wakacji<\/strong><\/p>\n\n\n\n<p>Nauczyciel zapisuje na tablicy 10 dowolnych s\u0142\u00f3w, ma\u0142o zwi\u0105zanych z tematem np. widelec, w\u0119giel, grabie, \u017caba, oczy, krokodyl, cement, peruka, dentysta, skarpeta). Zadaniem ka\u017cdej grupy jest napisanie listu z wakacji do rodzic\u00f3w (kolegi, cioci),z wykorzystaniem wszystkich podanych wyraz\u00f3w.<img decoding=\"async\" src=\"blob:https:\/\/szkolawszpitalu.ovh\/ec570f55-1a50-40ae-92fb-de60cd5eee27\" alt=\"page4image15955072\" width=\"92.448000\" height=\"0.720000\"><img decoding=\"async\" src=\"blob:https:\/\/szkolawszpitalu.ovh\/648d46db-5605-4438-b442-43f1757747be\" alt=\"page4image15952384\" width=\"44.904000\" height=\"0.720000\"><img decoding=\"async\" src=\"blob:https:\/\/szkolawszpitalu.ovh\/2cb77caf-40d5-47b6-9133-479a87d47af8\" alt=\"page4image15953344\" width=\"63.144000\" height=\"0.719970\"><img decoding=\"async\" src=\"blob:https:\/\/szkolawszpitalu.ovh\/de9840cf-ea4b-4e5c-aeb3-0c997074842d\" alt=\"page4image15953536\" width=\"68.424000\" height=\"0.720000\"><\/p>\n\n\n\n<p>4. <strong>Wed\u0142ug schematu<\/strong><br><\/p>\n\n\n\n<p>Uk\u0142adanie zda\u0144, np. trzy zdania\u00a0bez u\u017cycia tych samych wyraz\u00f3w <\/p>\n\n\n\n<p>k&#8230;b&#8230;n&#8230;w&#8230;r&#8230;      c&#8230;i&#8230;u&#8230;b&#8230;f&#8230;      g&#8230;j&#8230;n&#8230;d&#8230;\u017c&#8230;     e&#8230; \u0142&#8230;i&#8230;k&#8230;a&#8230; <\/p>\n\n\n\n<p>Uk\u0142adanie wierszyka wg schematu<br><\/p>\n\n\n\n<p>T&#8230;..t&#8230;..t&#8230;..p&#8230;..      \u015a&#8230;..m&#8230;..b&#8230;..d&#8230;..      \u015a&#8230;..j&#8230;..d&#8230;..d&#8230;..      M&#8230;..m&#8230;..m&#8230;k&#8230;..<\/p>\n\n\n\n<p>5. <strong>Po\u0142\u00f3wkowy wiersz<\/strong><\/p>\n\n\n\n<p>Nauczyciel wyja\u015bnia, \u017ce przygotowa\u0142 4&nbsp;&#8211;&nbsp;wersow\u0105 zwrotk\u0119 wiersza Juliana Tuwima ,,Pan Malu\u015bkiewicz i wieloryb&#8221;. Zwrotka ta zosta\u0142a podzielona po\u0142ow\u0119. Fragmenty tej zwrotki za otrzymuj\u0105 uczniowie. Nie zagl\u0105daj\u0105 do kart s\u0105siad\u00f3w. Zadaniem uczni\u00f3w jest&nbsp;&#8211;&nbsp;nie znaj\u0105c dok\u0142adnie oryginalnej wersji&nbsp;autorskiej &#8211;&nbsp;stworzenie w\u0142asnej, nowej wersji 4&nbsp;&#8211; wersowego utworu.<\/p>\n\n\n\n<p>\/ Fragment wiersza jest inspiracj\u0105 do napisania w\u0142asnej, nowej wersji utworu.\/<br>PO\u0141\u00d3WKI<br>Wzi\u0105\u0142 \u0142upink\u0119 &#8230; &#8230; pod pach\u0119,\u00a0Zaraz do morza &#8230; &#8230; si\u0119 rzuci\u0142. Szybko pop\u0142yn\u0105\u0142 &#8230; &#8230; do Gdyni i do Warszawy &#8230; &#8230; powr\u00f3ci\u0142.<\/p>\n\n\n\n<p>Na jednej kartce uczestnicy pisz\u0105 ko\u0144c\u00f3wki wers\u00f3w zwrotki wiersza, na drugiej pocz\u0105tki. Zadaniem jednej grupy jest rozpocz\u0119cie wers\u00f3w, a drugiej doko\u0144czenie. Ciekawe efekty mo\u017cna uzyska\u0107 \u0142\u0105cz\u0105c napisane przez uczestnik\u00f3w po\u0142\u00f3wki wierszy. Prezentacja nowych utwor\u00f3w przez uczestnik\u00f3w. Nauczyciel na zako\u0144czenie \u0107wiczenia odczytuje oryginaln\u0105 wersj\u0119 autorsk\u0105.<\/p>\n\n\n\n<p>6. <strong>Sze\u015b\u0107 kart<\/strong><br>Przygotuj sze\u015b\u0107 rodzaj\u00f3w kart w r\u00f3\u017cnych kolorach z rysunkami lub klipartami:<br>&#8211; I grupa\u00a0\u2013 miejsce, np.: g\u00f3ry, rzeka, pole, morze, dom, zamek, miasto, pustynia<br>&#8211; II grupa\u00a0\u2013 warunki atmosferyczne, np.: burza, t\u0119cza, \u015bnieg, chmury, deszcz, s\u0142o\u0144ce,<br>&#8211; III grupa\u00a0\u2013\u00a0rzeczy, np.: tort, rakieta, lustro, pika, statek, klucz, korale, buty, kareta,<br>&#8211; IV grupa\u00a0\u2013 postaci, np.: babcia, czarownik, ba\u0142wan, duch, rycerz, dziewczynka, niemowl\u0119,\u00a0&#8211; V grupa\u00a0\u2013 zwierz\u0119ta, np.: kot, kura, ko\u0144, smok, motyl, wielb\u0142\u0105d, \u017caba, nied\u017awied\u017a, ryba,<br>&#8211; VI grupa\u00a0\u2013 czynno\u015bci, np.: p\u0142acze, biega, \u015bpi, je, zajmuje si\u0119 zwierz\u0119tami, jedzie, orze.<\/p>\n\n\n\n<p>Rozk\u0142adamy karty wg kolor\u00f3w przykrywaj\u0105c rysunki. Zadaniem dzieci b\u0119dzie u\u0142o\u017cenie opowiadania na podstawie wylosowanych kart. Mo\u017cna zaproponowa\u0107 jaki\u015b motyw przewodni opowiada\u0144, np. historie z mora\u0142em, z najbardziej zaskakuj\u0105cym zako\u0144czeniem, opowie\u015bci ba\u015bniowe, historii z u\u017cyciem jak najwi\u0119kszej ilo\u015bci trudno\u015bci ortograficznych lub te\u017c pozostawi\u0107 uczniom dowolno\u015b\u0107.<\/p>\n\n\n\n<p>7. <strong>Ksi\u0105\u017cka kucharska<\/strong><\/p>\n\n\n\n<p>Ka\u017cda grupa (dziecko) otrzymuje od nauczyciela przepis na ciasto, kisiel, krem, budy\u0144 itp. Zadaniem ka\u017cdej grupy jest przekszta\u0142cenie tego przepisu w ten spos\u00f3b, aby powsta\u0142 przepis na zdrowie,&nbsp;szcz\u0119\u015bcie, rado\u015b\u0107, przyja\u017a\u0144 itp.<\/p>\n\n\n\n<p>8. <strong>Imienne opowiadanie<\/strong><\/p>\n\n\n\n<p>Zadaniem ka\u017cdego ucznia jest stworzenie opowiadania, kt\u00f3rego kolejne zdania zaczynaj\u0105 si\u0119 od liter, z kt\u00f3rych sk\u0142ada si\u0119 jego imi\u0119.<\/p>\n\n\n\n<p>9. <strong>Trzy emocje<\/strong><\/p>\n\n\n\n<p>Uczniowie otrzymuj\u0105 kartki, na kt\u00f3rych napisane s\u0105 s\u0142owa wyra\u017caj\u0105ce trzy uczucia. Zadaniem ich jest stworzenie tytu\u0142u historyjki i opowie\u015b\u0107, w kt\u00f3rej pojawia si\u0119 najpierw pierwsza nazwa emocji, potem&nbsp;druga i trzecia ,np.:<\/p>\n\n\n\n<p>Zmartwienie &#8211; panika\u00a0\u2013\u00a0ulga\u00a0L\u0119k\u00a0&#8211; zdziwienie\u00a0\u2013\u00a0triumf Podniecenie &#8211; zmartwienie &#8211;\u00a0przyjemno\u015b\u0107<\/p>\n\n\n\n<p>10. <strong>Inna perspektywa<\/strong><\/p>\n\n\n\n<p>Zadaniem dzieci jest opowiedzenie historii jakiego\u015b przedmiotu, np. papieru, serwetki, pude\u0142ka zapa\u0142ek, krzes\u0142a.<\/p>\n\n\n\n<p>CZ\u0118\u015a\u0106 4<br>Rozwijamy kreatywno\u015b\u0107<\/p>\n\n\n\n<ul class=\"wp-block-list\"><li>Tajemnicze s\u0142owa<\/li><\/ul>\n\n\n\n<p><a href=\"https:\/\/www.superkid.pl\/kreatywnosc-tajemnicze-slowa\">https:\/\/www.superkid.pl\/kreatywnosc-tajemnicze-slowa<\/a><\/p>\n\n\n\n<p><strong>Pomys\u0142y na prace plastyczne<\/strong><br><\/p>\n\n\n\n<ul class=\"wp-block-list\"><li>Wazoniki\u00a0<\/li><\/ul>\n\n\n\n<p><a href=\"https:\/\/www.superkid.pl\/pomysly-plastyczne-wazoniki\">https:\/\/www.superkid.pl\/pomysly-plastyczne-wazoniki<\/a><\/p>\n\n\n\n<div class=\"wp-block-group\"><div class=\"wp-block-group__inner-container is-layout-flow wp-block-group-is-layout-flow\">\n<div class=\"wp-block-group\"><div class=\"wp-block-group__inner-container is-layout-flow wp-block-group-is-layout-flow\">\n<div class=\"wp-block-group\"><div class=\"wp-block-group__inner-container is-layout-flow wp-block-group-is-layout-flow\">\n<figure class=\"wp-block-image size-large is-resized\"><img loading=\"lazy\" decoding=\"async\" src=\"https:\/\/szkolawszpitalu.ovh\/wp-content\/uploads\/2020\/05\/bas1.jpg\" alt=\"\" class=\"wp-image-1405\" width=\"126\" height=\"213\"\/><\/figure>\n<\/div><\/div>\n<\/div><\/div>\n<\/div><\/div>\n\n\n\n<div class=\"wp-block-group\"><div class=\"wp-block-group__inner-container is-layout-flow wp-block-group-is-layout-flow\">\n<figure class=\"wp-block-image size-large is-resized\"><img loading=\"lazy\" decoding=\"async\" src=\"https:\/\/szkolawszpitalu.ovh\/wp-content\/uploads\/2020\/05\/bas2.jpg\" alt=\"\" class=\"wp-image-1406\" width=\"126\" height=\"181\"\/><\/figure>\n<\/div><\/div>\n\n\n\n<figure class=\"wp-block-image size-large is-resized\"><img loading=\"lazy\" decoding=\"async\" src=\"https:\/\/szkolawszpitalu.ovh\/wp-content\/uploads\/2020\/05\/bas3.jpg\" alt=\"\" class=\"wp-image-1407\" width=\"129\" height=\"204\"\/><\/figure>\n\n\n\n<ul class=\"wp-block-list\"><li>Kwiaty<\/li><\/ul>\n\n\n\n<p><a href=\"https:\/\/www.superkid.pl\/jak-zrobic-kwiaty\">https:\/\/www.superkid.pl\/jak-zrobic-kwiaty<\/a><\/p>\n\n\n\n<figure class=\"wp-block-image size-large\"><img loading=\"lazy\" decoding=\"async\" width=\"161\" height=\"121\" src=\"https:\/\/szkolawszpitalu.ovh\/wp-content\/uploads\/2020\/05\/bas4.jpg\" alt=\"\" class=\"wp-image-1408\"\/><\/figure>\n\n\n\n<figure class=\"wp-block-image size-large\"><img loading=\"lazy\" decoding=\"async\" width=\"160\" height=\"124\" src=\"https:\/\/szkolawszpitalu.ovh\/wp-content\/uploads\/2020\/05\/bas5.jpg\" alt=\"\" class=\"wp-image-1409\"\/><\/figure>\n\n\n\n<figure class=\"wp-block-image size-large is-resized\"><img loading=\"lazy\" decoding=\"async\" src=\"https:\/\/szkolawszpitalu.ovh\/wp-content\/uploads\/2020\/05\/bas6.jpg\" alt=\"\" class=\"wp-image-1410\" width=\"131\" height=\"167\"\/><\/figure>\n\n\n\n<ul class=\"wp-block-list\"><li>Obrazek z figur<\/li><\/ul>\n\n\n\n<p><a href=\"https:\/\/www.superkid.pl\/gry-i-zabawy-obrazek-z-figur\">https:\/\/www.superkid.pl\/gry-i-zabawy-obrazek-z-figur<\/a><\/p>\n\n\n\n<ul class=\"wp-block-list\"><li>TAK czy NIE<\/li><\/ul>\n\n\n\n<p><a href=\"https:\/\/www.superkid.pl\/gry-i-zabawy-tak-czy-nie\">https:\/\/www.superkid.pl\/gry-i-zabawy-tak-czy-nie<\/a><\/p>\n\n\n\n<p>Literatura:<\/p>\n\n\n\n<ol class=\"wp-block-list\"><li>Atrakcyjne zaj\u0119cia \u015bwietlicowe i k\u00f3\u0142ka zainteresowa\u0144. Pod red. Ma\u0142gorzaty Pomianowskiej.&nbsp;Wydawnictwo Dr Josef Raabe. Warszawa 2007<\/li><li>Brosche Heidemarie, 170 gier i zabaw w domu i w podr\u00f3\u017cy. Wydawnictwo \u015aw. Antoniego, Wroc\u0142aw 2001<\/li><li>J\u0105der Mariola, Techniki plastyczne rozwijaj\u0105ce wyobra\u017ani\u0119. Oficyna Wydawnicza Impuls, Krak\u00f3w 2005<\/li><li>Ma\u0142gorzata Nowak, \u0106wiczenia i zabawy rozwijaj\u0105ce my\u015blenie tw\u00f3rcze.&nbsp;www.poradnia.wroclaw.pl<\/li><li>N\u0119cka Edward, Trening tw\u00f3rczo\u015bci. Oficyna Wydawnicza Impuls, Krak\u00f3w 1998.Porz\u0105dek i&nbsp;przygoda &#8211;&nbsp;lekcje tw\u00f3rczo\u015bci. Cz\u0119\u015b\u0107 1. WSiP Warszawa 1997<\/li><li>Rojewska Jolanta, Grupa bawi si\u0119 i pracuje. Wroc\u0142aw 2000<\/li><li>Schwinghammer Herbert, O\u0142\u00f3wkiem po papierze. Klub dla Ciebie, 2004<\/li><li>Techniki tw\u00f3rczego my\u015blenia w przedszkolu. www.pm118.edu.lodz.pl<\/li><\/ol>\n","protected":false},"excerpt":{"rendered":"<p>Wyb\u00f3r ciekawych pomys\u0142\u00f3w\u00a0na urozmaicenie zaj\u0119\u0107 \u015bwietlicowych dost\u0119pny\u00a0w literaturze i na stronach internetowych. http:\/\/www.edukacja.edux.pl\/p-2757-ciekawe-pomysly-nie-tylko-na-nagle-zastepstwa.php CZ\u0118\u015a\u0106 1 ZABAWY S\u0141OWEM&nbsp;&#8211;&nbsp;RYMOWANKI, WYMY\u015aLANKI 1. Znajd\u017a jak najwi\u0119cej Zadaniem dzieci jest wyszukanie jak najwi\u0119kszej ilo\u015bci wyraz\u00f3w w okre\u015blonym czasie,&nbsp;np. przez 3 min.: &#8211;\u00a0na podan\u0105 przez nauczyciela &hellip; <a href=\"https:\/\/szkolawszpitalu.ovh\/?page_id=1432\">Czytaj dalej <span class=\"meta-nav\">&rarr;<\/span><\/a><\/p>\n","protected":false},"author":1,"featured_media":0,"parent":0,"menu_order":0,"comment_status":"closed","ping_status":"closed","template":"","meta":{"footnotes":""},"class_list":["post-1432","page","type-page","status-publish","hentry"],"_links":{"self":[{"href":"https:\/\/szkolawszpitalu.ovh\/index.php?rest_route=\/wp\/v2\/pages\/1432","targetHints":{"allow":["GET"]}}],"collection":[{"href":"https:\/\/szkolawszpitalu.ovh\/index.php?rest_route=\/wp\/v2\/pages"}],"about":[{"href":"https:\/\/szkolawszpitalu.ovh\/index.php?rest_route=\/wp\/v2\/types\/page"}],"author":[{"embeddable":true,"href":"https:\/\/szkolawszpitalu.ovh\/index.php?rest_route=\/wp\/v2\/users\/1"}],"replies":[{"embeddable":true,"href":"https:\/\/szkolawszpitalu.ovh\/index.php?rest_route=%2Fwp%2Fv2%2Fcomments&post=1432"}],"version-history":[{"count":1,"href":"https:\/\/szkolawszpitalu.ovh\/index.php?rest_route=\/wp\/v2\/pages\/1432\/revisions"}],"predecessor-version":[{"id":1433,"href":"https:\/\/szkolawszpitalu.ovh\/index.php?rest_route=\/wp\/v2\/pages\/1432\/revisions\/1433"}],"wp:attachment":[{"href":"https:\/\/szkolawszpitalu.ovh\/index.php?rest_route=%2Fwp%2Fv2%2Fmedia&parent=1432"}],"curies":[{"name":"wp","href":"https:\/\/api.w.org\/{rel}","templated":true}]}}