{"id":1426,"date":"2020-05-04T07:42:03","date_gmt":"2020-05-04T05:42:03","guid":{"rendered":"http:\/\/szkolawszpitalu.ovh\/?page_id=1426"},"modified":"2020-05-04T07:42:03","modified_gmt":"2020-05-04T05:42:03","slug":"polskie-symbole-narodowe-mgr-katarzyna-dryka-historia","status":"publish","type":"page","link":"https:\/\/szkolawszpitalu.ovh\/?page_id=1426","title":{"rendered":"&#8222;Polskie symbole narodowe&#8221; &#8211; mgr Katarzyna Dryka (historia)"},"content":{"rendered":"\n<p><strong>SCENARIUSZ LEKCJI<\/strong><\/p>\n\n\n\n<p><strong>Temat: Polskie symbole narodowe <\/strong><\/p>\n\n\n\n<p><strong>1.Cele og\u00f3lne:<\/strong><\/p>\n\n\n\n<ul class=\"wp-block-list\"><li>Rozwijanie zainteresowa\u0144 histori\u0105 kraju<\/li><li>Kszta\u0142towanie to\u017csamo\u015bci narodowej<\/li><li>Kszta\u0142towanie szacunku dla symboli narodowych<\/li><li>Utrwalanie wiadomo\u015bci na temat historii symboli narodowych i roli jak\u0105 pe\u0142ni\u0105<\/li><\/ul>\n\n\n\n<p><strong>2. Cele szczeg\u00f3\u0142owe &#8211; ucze\u0144:<\/strong><\/p>\n\n\n\n<ul class=\"wp-block-list\"><li>Rozpoznaje polskie symbole narodowe<\/li><li>Opisuje polskie symbole narodowe<\/li><li>Omawia symbolik\u0119 barw polskiej flagi<\/li><li>Podaje i opisuje okoliczno\u015bci w jakich wykorzystywane s\u0105 symbole narodowe<\/li><li>Zna pochodzenie nazwy naszego kraju<\/li><li>Z szacunkiem odnosi si\u0119 do polskich symboli\u00a0<\/li><\/ul>\n\n\n\n<p><strong>3.<\/strong> <strong>Metody pracy:<\/strong><\/p>\n\n\n\n<ul class=\"wp-block-list\"><li>Pogadanka \u00a0<\/li><li>Mapa mentalna<\/li><li>Burza m\u00f3zg\u00f3w<\/li><li>Praca z map\u0105<\/li><\/ul>\n\n\n\n<p><strong>4. Formy pracy:<\/strong><\/p>\n\n\n\n<ul class=\"wp-block-list\"><li>Indywidualna\u00a0<\/li><li>Zbiorowa<\/li><\/ul>\n\n\n\n<p><strong>5. \u015arodki dydaktyczne:<\/strong><\/p>\n\n\n\n<ul class=\"wp-block-list\"><li>Mapa historyczna przedstawiaj\u0105ca pocz\u0105tki pa\u0144stwa polskiego<\/li><li>Ilustracje symboli narodowych<\/li><li>Karty pracy<\/li><li>Nagranie i tekst Mazurka D\u0105browskiego<\/li><li>Przybory plastyczne<\/li><\/ul>\n\n\n\n<p><strong>6.Przebieg zaj\u0119\u0107:<\/strong><\/p>\n\n\n\n<ul class=\"wp-block-list\"><li>Wprowadzenie do tematu &#8222;Z czym kojarzy nam si\u0119 s\u0142owo POLSKA&#8221;<\/li><li>Tworzenie mapy pami\u0119ciowej<\/li><li>Prezentacja i om\u00f3wienie prac<\/li><li>Przypomnienie wiadomo\u015bci na temat &#8222;Sk\u0105d nasz R\u00f3d&#8221;<\/li><li><strong>Faza realizacyjna:<\/strong><\/li><li>Om\u00f3wienie historii i znaczenia symboli narodowych<\/li><li>Przypomnienie tre\u015bci wiersza W\u0142adys\u0142awa Be\u0142zy &#8222;Kto ty jeste\u015b&#8221;<\/li><li>Zapisywanie na arkuszach papieru my\u015bli, sytuacji w kt\u00f3rych pojawiaj\u0105 si\u0119 polskiesymbole narodowe<\/li><li>Kolorowanie herbu i flagi, wykonywanie zada\u0144 umieszczanych na kartach pracy<\/li><li>Wyja\u015bnienie symboli barw, historii herbu<\/li><li>Wys\u0142uchanie hymnu<\/li><li>Uzupe\u0142nianie zda\u0144 brakuj\u0105cymi wyrazami-karty pracyFaza podsumowuj\u0105ca:<\/li><li>Om\u00f3wienie przebiegu zaj\u0119\u0107<\/li><li>Podsumowanie wiadomo\u015bci<\/li><li>Prezentacja wykonywanych prac plastycznych<\/li><\/ul>\n\n\n\n<figure class=\"wp-block-image size-large is-resized\"><a href=\"https:\/\/szkolawszpitalu.ovh\/wp-content\/uploads\/2020\/05\/his1.jpg\"><img loading=\"lazy\" decoding=\"async\" src=\"https:\/\/szkolawszpitalu.ovh\/wp-content\/uploads\/2020\/05\/his1-501x1024.jpg\" alt=\"\" class=\"wp-image-1411\" width=\"292\" height=\"597\" srcset=\"https:\/\/szkolawszpitalu.ovh\/wp-content\/uploads\/2020\/05\/his1-501x1024.jpg 501w, https:\/\/szkolawszpitalu.ovh\/wp-content\/uploads\/2020\/05\/his1-147x300.jpg 147w, https:\/\/szkolawszpitalu.ovh\/wp-content\/uploads\/2020\/05\/his1.jpg 704w\" sizes=\"auto, (max-width: 292px) 100vw, 292px\" \/><\/a><\/figure>\n\n\n\n<figure class=\"wp-block-image size-large is-resized\"><a href=\"https:\/\/szkolawszpitalu.ovh\/wp-content\/uploads\/2020\/05\/his2.jpg\"><img loading=\"lazy\" decoding=\"async\" src=\"https:\/\/szkolawszpitalu.ovh\/wp-content\/uploads\/2020\/05\/his2-663x1024.jpg\" alt=\"\" class=\"wp-image-1412\" width=\"348\" height=\"537\" srcset=\"https:\/\/szkolawszpitalu.ovh\/wp-content\/uploads\/2020\/05\/his2-663x1024.jpg 663w, https:\/\/szkolawszpitalu.ovh\/wp-content\/uploads\/2020\/05\/his2-194x300.jpg 194w, https:\/\/szkolawszpitalu.ovh\/wp-content\/uploads\/2020\/05\/his2-768x1186.jpg 768w, https:\/\/szkolawszpitalu.ovh\/wp-content\/uploads\/2020\/05\/his2.jpg 836w\" sizes=\"auto, (max-width: 348px) 100vw, 348px\" \/><\/a><\/figure>\n\n\n\n<figure class=\"wp-block-image size-large is-resized\"><a href=\"https:\/\/szkolawszpitalu.ovh\/wp-content\/uploads\/2020\/05\/his3.jpg\"><img loading=\"lazy\" decoding=\"async\" src=\"https:\/\/szkolawszpitalu.ovh\/wp-content\/uploads\/2020\/05\/his3-676x1024.jpg\" alt=\"\" class=\"wp-image-1413\" width=\"349\" height=\"528\" srcset=\"https:\/\/szkolawszpitalu.ovh\/wp-content\/uploads\/2020\/05\/his3-676x1024.jpg 676w, https:\/\/szkolawszpitalu.ovh\/wp-content\/uploads\/2020\/05\/his3-198x300.jpg 198w, https:\/\/szkolawszpitalu.ovh\/wp-content\/uploads\/2020\/05\/his3-768x1164.jpg 768w, https:\/\/szkolawszpitalu.ovh\/wp-content\/uploads\/2020\/05\/his3.jpg 894w\" sizes=\"auto, (max-width: 349px) 100vw, 349px\" \/><\/a><\/figure>\n\n\n\n<figure class=\"wp-block-image size-large is-resized\"><a href=\"https:\/\/szkolawszpitalu.ovh\/wp-content\/uploads\/2020\/05\/his4.jpg\"><img loading=\"lazy\" decoding=\"async\" src=\"https:\/\/szkolawszpitalu.ovh\/wp-content\/uploads\/2020\/05\/his4-667x1024.jpg\" alt=\"\" class=\"wp-image-1414\" width=\"353\" height=\"542\" srcset=\"https:\/\/szkolawszpitalu.ovh\/wp-content\/uploads\/2020\/05\/his4-667x1024.jpg 667w, https:\/\/szkolawszpitalu.ovh\/wp-content\/uploads\/2020\/05\/his4-195x300.jpg 195w, https:\/\/szkolawszpitalu.ovh\/wp-content\/uploads\/2020\/05\/his4-768x1179.jpg 768w, https:\/\/szkolawszpitalu.ovh\/wp-content\/uploads\/2020\/05\/his4.jpg 880w\" sizes=\"auto, (max-width: 353px) 100vw, 353px\" \/><\/a><\/figure>\n\n\n\n<figure class=\"wp-block-image size-large is-resized\"><a href=\"https:\/\/szkolawszpitalu.ovh\/wp-content\/uploads\/2020\/05\/his5.jpg\"><img loading=\"lazy\" decoding=\"async\" src=\"https:\/\/szkolawszpitalu.ovh\/wp-content\/uploads\/2020\/05\/his5-686x1024.jpg\" alt=\"\" class=\"wp-image-1415\" width=\"355\" height=\"530\" srcset=\"https:\/\/szkolawszpitalu.ovh\/wp-content\/uploads\/2020\/05\/his5-686x1024.jpg 686w, https:\/\/szkolawszpitalu.ovh\/wp-content\/uploads\/2020\/05\/his5-201x300.jpg 201w, https:\/\/szkolawszpitalu.ovh\/wp-content\/uploads\/2020\/05\/his5-768x1146.jpg 768w, https:\/\/szkolawszpitalu.ovh\/wp-content\/uploads\/2020\/05\/his5.jpg 863w\" sizes=\"auto, (max-width: 355px) 100vw, 355px\" \/><\/a><\/figure>\n\n\n\n<figure class=\"wp-block-image size-large is-resized\"><a href=\"https:\/\/szkolawszpitalu.ovh\/wp-content\/uploads\/2020\/05\/his6.jpg\"><img loading=\"lazy\" decoding=\"async\" src=\"https:\/\/szkolawszpitalu.ovh\/wp-content\/uploads\/2020\/05\/his6-613x1024.jpg\" alt=\"\" class=\"wp-image-1416\" width=\"359\" height=\"600\" srcset=\"https:\/\/szkolawszpitalu.ovh\/wp-content\/uploads\/2020\/05\/his6-613x1024.jpg 613w, https:\/\/szkolawszpitalu.ovh\/wp-content\/uploads\/2020\/05\/his6-180x300.jpg 180w, https:\/\/szkolawszpitalu.ovh\/wp-content\/uploads\/2020\/05\/his6-768x1282.jpg 768w, https:\/\/szkolawszpitalu.ovh\/wp-content\/uploads\/2020\/05\/his6.jpg 845w\" sizes=\"auto, (max-width: 359px) 100vw, 359px\" \/><\/a><\/figure>\n\n\n\n<figure class=\"wp-block-image size-large is-resized\"><a href=\"https:\/\/szkolawszpitalu.ovh\/wp-content\/uploads\/2020\/05\/his7-scaled.jpg\"><img loading=\"lazy\" decoding=\"async\" src=\"https:\/\/szkolawszpitalu.ovh\/wp-content\/uploads\/2020\/05\/his7-705x1024.jpg\" alt=\"\" class=\"wp-image-1417\" width=\"357\" height=\"518\" srcset=\"https:\/\/szkolawszpitalu.ovh\/wp-content\/uploads\/2020\/05\/his7-705x1024.jpg 705w, https:\/\/szkolawszpitalu.ovh\/wp-content\/uploads\/2020\/05\/his7-207x300.jpg 207w, https:\/\/szkolawszpitalu.ovh\/wp-content\/uploads\/2020\/05\/his7-768x1116.jpg 768w, https:\/\/szkolawszpitalu.ovh\/wp-content\/uploads\/2020\/05\/his7-1057x1536.jpg 1057w, https:\/\/szkolawszpitalu.ovh\/wp-content\/uploads\/2020\/05\/his7-1410x2048.jpg 1410w, https:\/\/szkolawszpitalu.ovh\/wp-content\/uploads\/2020\/05\/his7-scaled.jpg 1762w\" sizes=\"auto, (max-width: 357px) 100vw, 357px\" \/><\/a><\/figure>\n","protected":false},"excerpt":{"rendered":"<p>SCENARIUSZ LEKCJI Temat: Polskie symbole narodowe 1.Cele og\u00f3lne: Rozwijanie zainteresowa\u0144 histori\u0105 kraju Kszta\u0142towanie to\u017csamo\u015bci narodowej Kszta\u0142towanie szacunku dla symboli narodowych Utrwalanie wiadomo\u015bci na temat historii symboli narodowych i roli jak\u0105 pe\u0142ni\u0105 2. Cele szczeg\u00f3\u0142owe &#8211; ucze\u0144: Rozpoznaje polskie symbole narodowe &hellip; <a href=\"https:\/\/szkolawszpitalu.ovh\/?page_id=1426\">Czytaj dalej <span class=\"meta-nav\">&rarr;<\/span><\/a><\/p>\n","protected":false},"author":1,"featured_media":0,"parent":0,"menu_order":0,"comment_status":"closed","ping_status":"closed","template":"","meta":{"footnotes":""},"class_list":["post-1426","page","type-page","status-publish","hentry"],"_links":{"self":[{"href":"https:\/\/szkolawszpitalu.ovh\/index.php?rest_route=\/wp\/v2\/pages\/1426","targetHints":{"allow":["GET"]}}],"collection":[{"href":"https:\/\/szkolawszpitalu.ovh\/index.php?rest_route=\/wp\/v2\/pages"}],"about":[{"href":"https:\/\/szkolawszpitalu.ovh\/index.php?rest_route=\/wp\/v2\/types\/page"}],"author":[{"embeddable":true,"href":"https:\/\/szkolawszpitalu.ovh\/index.php?rest_route=\/wp\/v2\/users\/1"}],"replies":[{"embeddable":true,"href":"https:\/\/szkolawszpitalu.ovh\/index.php?rest_route=%2Fwp%2Fv2%2Fcomments&post=1426"}],"version-history":[{"count":1,"href":"https:\/\/szkolawszpitalu.ovh\/index.php?rest_route=\/wp\/v2\/pages\/1426\/revisions"}],"predecessor-version":[{"id":1427,"href":"https:\/\/szkolawszpitalu.ovh\/index.php?rest_route=\/wp\/v2\/pages\/1426\/revisions\/1427"}],"wp:attachment":[{"href":"https:\/\/szkolawszpitalu.ovh\/index.php?rest_route=%2Fwp%2Fv2%2Fmedia&parent=1426"}],"curies":[{"name":"wp","href":"https:\/\/api.w.org\/{rel}","templated":true}]}}