{"id":1379,"date":"2020-04-27T10:15:10","date_gmt":"2020-04-27T08:15:10","guid":{"rendered":"http:\/\/szkolawszpitalu.ovh\/?page_id=1379"},"modified":"2020-06-22T07:35:07","modified_gmt":"2020-06-22T05:35:07","slug":"w-mojej-miejscowosci-mgr-dorota-kapela-ksztalcenie-zintegrowane","status":"publish","type":"page","link":"https:\/\/szkolawszpitalu.ovh\/?page_id=1379","title":{"rendered":"&#8222;W mojej miejscowo\u015bci&#8221; &#8211; mgr Dorota Kapela (edukacja wczesnoszkolna)"},"content":{"rendered":"\n<p><strong>SCENARIUSZ ZAJ\u0118\u0106\u00a0DLA KLASY II\u00a0<\/strong><\/p>\n\n\n\n<p><strong>Temat zaj<\/strong><strong>\u0119\u0107<\/strong><strong>: <\/strong>W mojej miejscowo\u015bci&nbsp;<\/p>\n\n\n\n<p><strong>Cele operacyjne &#8211; ucze<\/strong><strong>\u0144<\/strong><strong>:&nbsp;<\/strong><\/p>\n\n\n\n<p>&#8211; przebywa w atmosferze wolnej od strachu przed chorob\u0105 i hospitalizacj\u0105,<br>&#8211; zna przesz\u0142o\u015b\u0107 swojej miejscowo\u015bci i samodzielnie redaguje zdania o swojej miejscowo\u015bci,<br>&#8211; potrafi wyrazi\u0107 swoje zdanie na dany temat,<br>&#8211; wie, jakie krajobrazy wyst\u0119puj\u0105 w Polsce oraz w swojej miejscowo\u015bci,<br>&#8211; kszta\u0142tuje uczucia patriotyczne,<br>&#8211; oblicza na konkretach i w pami\u0119ci wyniki mno\u017cenia przez 5, w zakresie 30.&nbsp;<\/p>\n\n\n\n<p><strong>Metody pracy:&nbsp;<\/strong><\/p>\n\n\n\n<ul class=\"wp-block-list\"><li>s\u0142owna (praca z tekstem, pogadanka, dyskusja),<\/li><li>ogl\u0105dowa \u2013 praca z map\u0105, albumem,<\/li><li>\u0107wicze\u0144 praktycznych.&nbsp;<\/li><\/ul>\n\n\n\n<p><strong>Pomoce dydaktyczne:&nbsp;<\/strong><\/p>\n\n\n\n<ul class=\"wp-block-list\"><li>album \u201eGdynia \u2013 miasto z morza i marze\u0144\u201d,<\/li><li>Google Earth &#8211; najwa\u017cniejsze miejsca w mojej miejscowo\u015bci,<\/li><li>karta pracy \u201eKrajobrazy Polski\u201d&nbsp;<\/li><li>portal edukacyjny www.matzoo.pl.&nbsp;<\/li><\/ul>\n\n\n\n<p><strong>Przebieg zaj<\/strong><strong>\u0119\u0107<\/strong><strong>:&nbsp;<\/strong><\/p>\n\n\n\n<ol class=\"wp-block-list\"><li>D\u0142u\u017csze, kilkuzdaniowe wypowiedzi uczni\u00f3w na temat rodzinnej miejscowo\u015bci i jej historii w oparciu o w\u0142asne wiadomo\u015bci oraz album \u201eGdynia \u2013 miasto z morza i marze\u0144\u201d; gromadzenie s\u0142ownictwa wok\u00f3\u0142 tematu i wyra\u017canie w\u0142asnego zdania na temat \u201eKiedy moje miasto wygl\u0105da najpi\u0119kniej i dlaczego?\u201d&nbsp;<\/li><li>Wyszukiwanie najwa\u017cniejszych miejsc w rodzinnej miejscowo\u015bci z wykorzystaniem Google Earth.<\/li><li>Redagowanie zda\u0144 lub kr\u00f3tkich wierszyk\u00f3w o swojej miejscowo\u015bci.&nbsp;<\/li><li>Ro\u017cne rodzaje krajobraz\u00f3w wyst\u0119puj\u0105cych w Polsce (nadmorski, pojezierza, nizinny, wy\u017cynny, g\u00f3rski oraz miejski i wiejski) \u2013 praca z map\u0105 oraz albumem \u201eKrajobrazy Polski\u201d. Rozmowa na temat \u201eJak cz\u0142owiek mo\u017ce zmienia\u0107 krajobraz?\u201d&nbsp;<\/li><li>Uzupe\u0142nianie karty pracy \u201eKrajobrazy Polski\u201d.<\/li><li>Mno\u017cenie przez 5 w zakresie 30 \u2013 wykonywanie r\u00f3\u017cnorodnych zada\u0144 na portalu www.matzoo.pl.<br><\/li><\/ol>\n\n\n\n<p><strong>KRAJOBRAZY POLSKI<\/strong><\/p>\n\n\n\n<ul class=\"wp-block-list\"><li>Oblicz i pokoloruj zgodnie z wynikiem:)<\/li><\/ul>\n\n\n\n<figure class=\"wp-block-image size-large is-resized\"><a href=\"https:\/\/szkolawszpitalu.ovh\/wp-content\/uploads\/2020\/04\/mapa-scaled.jpeg\"><img loading=\"lazy\" decoding=\"async\" src=\"https:\/\/szkolawszpitalu.ovh\/wp-content\/uploads\/2020\/04\/mapa-940x1024.jpeg\" alt=\"\" class=\"wp-image-1361\" width=\"517\" height=\"562\" srcset=\"https:\/\/szkolawszpitalu.ovh\/wp-content\/uploads\/2020\/04\/mapa-940x1024.jpeg 940w, https:\/\/szkolawszpitalu.ovh\/wp-content\/uploads\/2020\/04\/mapa-275x300.jpeg 275w, https:\/\/szkolawszpitalu.ovh\/wp-content\/uploads\/2020\/04\/mapa-768x837.jpeg 768w, https:\/\/szkolawszpitalu.ovh\/wp-content\/uploads\/2020\/04\/mapa-1410x1536.jpeg 1410w, https:\/\/szkolawszpitalu.ovh\/wp-content\/uploads\/2020\/04\/mapa-1880x2048.jpeg 1880w\" sizes=\"auto, (max-width: 517px) 100vw, 517px\" \/><\/a><\/figure>\n\n\n\n<figure class=\"wp-block-image size-large is-resized\"><img loading=\"lazy\" decoding=\"async\" src=\"https:\/\/szkolawszpitalu.ovh\/wp-content\/uploads\/2020\/04\/mapa1.jpg\" alt=\"\" class=\"wp-image-1362\" width=\"423\" height=\"178\" srcset=\"https:\/\/szkolawszpitalu.ovh\/wp-content\/uploads\/2020\/04\/mapa1.jpg 629w, https:\/\/szkolawszpitalu.ovh\/wp-content\/uploads\/2020\/04\/mapa1-300x126.jpg 300w\" sizes=\"auto, (max-width: 423px) 100vw, 423px\" \/><\/figure>\n","protected":false},"excerpt":{"rendered":"<p>SCENARIUSZ ZAJ\u0118\u0106\u00a0DLA KLASY II\u00a0 Temat zaj\u0119\u0107: W mojej miejscowo\u015bci&nbsp; Cele operacyjne &#8211; ucze\u0144:&nbsp; &#8211; przebywa w atmosferze wolnej od strachu przed chorob\u0105 i hospitalizacj\u0105,&#8211; zna przesz\u0142o\u015b\u0107 swojej miejscowo\u015bci i samodzielnie redaguje zdania o swojej miejscowo\u015bci,&#8211; potrafi wyrazi\u0107 swoje zdanie na &hellip; <a href=\"https:\/\/szkolawszpitalu.ovh\/?page_id=1379\">Czytaj dalej <span class=\"meta-nav\">&rarr;<\/span><\/a><\/p>\n","protected":false},"author":1,"featured_media":0,"parent":0,"menu_order":0,"comment_status":"closed","ping_status":"closed","template":"","meta":{"footnotes":""},"class_list":["post-1379","page","type-page","status-publish","hentry"],"_links":{"self":[{"href":"https:\/\/szkolawszpitalu.ovh\/index.php?rest_route=\/wp\/v2\/pages\/1379","targetHints":{"allow":["GET"]}}],"collection":[{"href":"https:\/\/szkolawszpitalu.ovh\/index.php?rest_route=\/wp\/v2\/pages"}],"about":[{"href":"https:\/\/szkolawszpitalu.ovh\/index.php?rest_route=\/wp\/v2\/types\/page"}],"author":[{"embeddable":true,"href":"https:\/\/szkolawszpitalu.ovh\/index.php?rest_route=\/wp\/v2\/users\/1"}],"replies":[{"embeddable":true,"href":"https:\/\/szkolawszpitalu.ovh\/index.php?rest_route=%2Fwp%2Fv2%2Fcomments&post=1379"}],"version-history":[{"count":2,"href":"https:\/\/szkolawszpitalu.ovh\/index.php?rest_route=\/wp\/v2\/pages\/1379\/revisions"}],"predecessor-version":[{"id":1663,"href":"https:\/\/szkolawszpitalu.ovh\/index.php?rest_route=\/wp\/v2\/pages\/1379\/revisions\/1663"}],"wp:attachment":[{"href":"https:\/\/szkolawszpitalu.ovh\/index.php?rest_route=%2Fwp%2Fv2%2Fmedia&parent=1379"}],"curies":[{"name":"wp","href":"https:\/\/api.w.org\/{rel}","templated":true}]}}