{"id":1164,"date":"2020-03-30T10:41:55","date_gmt":"2020-03-30T08:41:55","guid":{"rendered":"http:\/\/szkolawszpitalu.ovh\/?page_id=1164"},"modified":"2020-05-09T11:44:00","modified_gmt":"2020-05-09T09:44:00","slug":"o-wiewiorce-lupi-skorce-mgr-miroslawa-kedzierska-edukacja-teatralna-dla-grupy-przedszkolnej","status":"publish","type":"page","link":"https:\/\/szkolawszpitalu.ovh\/?page_id=1164","title":{"rendered":"&#8222;O wiewi\u00f3rce \u0141upisk\u00f3rce&#8221; &#8211; mgr Miros\u0142awa K\u0119dzierska"},"content":{"rendered":"\n<p><strong>Inscenizacja dla grupy przedszkolnej na podstawie tekstu Wiery Badalskiej &#8222;O wiewi\u00f3rce \u0141upisk\u00f3rce&#8221;<\/strong><\/p>\n\n\n\n<p><strong>Grupa wiekowa : 5 &#8211; 6-latki&nbsp;<\/strong><\/p>\n\n\n\n<p><strong>Cel og\u00f3lny:&nbsp;<\/strong><\/p>\n\n\n\n<p>Zapoznanie dzieci z poj\u0119ciem \u017cyczliwo\u015bci i wzajemnej pomocy w trudnych chwilach<\/p>\n\n\n\n<p><strong>Metody:&nbsp;<\/strong><\/p>\n\n\n\n<ul class=\"wp-block-list\"><li>S\u0142owne &#8211; rozmowa z dzie\u0107mi&nbsp;<\/li><li>Czynna &#8211; udzia\u0142 w inscenizacji&nbsp;<\/li><\/ul>\n\n\n\n<p><strong>\u0141UPISK\u00d3RKA:&nbsp;<\/strong><\/p>\n\n\n\n<p>Jestem sobie \u0141upisk\u00f3rka, gospodyni jakich ma\u0142o<\/p>\n\n\n\n<p>dobrych rzeczy, smacznych rzeczy mam tutaj spi\u017carni\u0119 ca\u0142\u0105.<\/p>\n\n\n\n<p><strong>CH\u00d3R: <\/strong>Hop, hop, tra, la, la<\/p>\n\n\n\n<p>Kto zapasy takie mm (2x)<\/p>\n\n\n\n<p><strong>\u0141UPISK\u00d3RKA:&nbsp;<\/strong><\/p>\n\n\n\n<p>Mam nasionek cztery mieszki, szyszki, grzybki i orzeszki,<\/p>\n\n\n\n<p>sok w g\u0105siorkach, w s\u0142oju mi\u00f3d, mam tutaj wszystkiego w brud.&nbsp;<\/p>\n\n\n\n<p><strong>CH\u00d3R: <\/strong>Hop, hop, tra, la, la<\/p>\n\n\n\n<p>Kto zapasy takie ma (2x)<\/p>\n\n\n\n<p><em>(s\u0142ycha\u0107 pukanie do drzwi)<\/em><\/p>\n\n\n\n<p><strong>\u0141UPISK\u00d3RKA:<\/strong> Kto tam puka o tej porze?<\/p>\n\n\n\n<p>Pan Szaraczek? Czy by\u0107 mo\u017ce?<\/p>\n\n\n\n<p><strong>SZARACZEK:<\/strong> Dzie\u0144 dobry pani!<\/p>\n\n\n\n<p>Czy nie ma pani soku z malin.<\/p>\n\n\n\n<p>Z synkiem swoim takie mam k\u0142opoty&#8230;<\/p>\n\n\n\n<p>Kaszle, chcia\u0142em mu da\u0107 na poty, kropelk\u0119 soku, \u0142yk niewielki&#8230;<\/p>\n\n\n\n<p><strong>\u0141UPISK\u00d3RKA: <\/strong>Niestety, nie mam ani kropelki.<\/p>\n\n\n\n<p>W tym roku tak mi si\u0119 nie wiedzie.<\/p>\n\n\n\n<p>Pusto w spi\u017carni m\u00f3j s\u0105siedzie&#8230;<\/p>\n\n\n\n<p><strong>SZARACZEK:<\/strong> No to dobranoc!<\/p>\n\n\n\n<p><strong>\u0141UPISK\u00d3RKA: <\/strong>(<em>nas\u0142uchuje)<\/em><\/p>\n\n\n\n<p>Poszed\u0142 sobie\u2026<\/p>\n\n\n\n<p>A ja herbatki zaraz zrobi\u0119 z soczkiem, bo bardzo lubi\u0119 soczek\u2026<\/p>\n\n\n\n<p>Pij\u0119 malinowy sok, przez ca\u0142y rok, przez ca\u0142y rok\u2026<\/p>\n\n\n\n<p>(<em>s\u0142ycha\u0107 pukanie)<\/em><\/p>\n\n\n\n<p><strong>\u0141UPISK\u00d3RKA: <\/strong>Co to, znowu do drzwi kto\u015b \u0142omocze?<\/p>\n\n\n\n<p><strong>MISIU:<\/strong> Czy nie poznajesz misia?<\/p>\n\n\n\n<p>Znaj\u0105 wszystkie mnie zwierzaki, \u0142akomczuchem jestem takim.<\/p>\n\n\n\n<p>Bardzo lubi\u0119 s\u0142odki mi\u00f3d, gdy poczuj\u0119 w brzuszku mi\u00f3d.<\/p>\n\n\n\n<p>Marz\u0119 o tym by na drzewie mie\u0107 wspania\u0142y ul,<\/p>\n\n\n\n<p>by z pszczo\u0142ami w zgodzie \u017cy\u0107, s\u0142odki miodek pi\u0107.<\/p>\n\n\n\n<p><em>(w\u0119szy i m\u00f3wi:)&nbsp;<\/em><\/p>\n\n\n\n<p>A tu u Ciebie \u0142adnie pachnie miodek,&nbsp;<\/p>\n\n\n\n<p>w\u0142\u00f3\u017c troch\u0119 miodku mi na spodek. G\u0142odny jestem, nie jad\u0142em jeszcze dzisiaj.&nbsp;<\/p>\n\n\n\n<p><strong>\u0141UPISK\u00d3RKA:<\/strong> Jeszcze czego! sk\u0105d Ci w\u0142o\u017c\u0119, gdy sama pustki mam w komorze.<\/p>\n\n\n\n<p>W tym roku tak mi si\u0119 nie wiedzie\u2026<\/p>\n\n\n\n<p>Id\u017a spa\u0107!\u2026Dobranoc m\u00f3j s\u0105siedzie! (<em>odprowadza go)<\/em><\/p>\n\n\n\n<p>Poszed\u0142 sobie\u2026Czego mu si\u0119 zachciewa? No, to herbatki sobie nalewam<\/p>\n\n\n\n<p><em>( \u015bpiewa, nalewaj\u0105c herbatk\u0119 przy stoliku)<\/em><\/p>\n\n\n\n<p>Teraz ju\u017c wypij\u0119 ciep\u0142e mleko z miodem albo \u0142yk gor\u0105cej herbaty.<\/p>\n\n\n\n<p>To najlepsze rzeczy na zimowe ch\u0142ody, aby ka\u017cdy z nas m\u00f3g\u0142 by\u0107 zdrowy\u2026<\/p>\n\n\n\n<p><strong>\u0141UPISK\u00d3RKA: <\/strong>Herbatka z soczkiem, z miodkiem bu\u0142eczka\u2026<\/p>\n\n\n\n<p>A teraz pora spa\u0107 do \u0142\u00f3\u017ceczka\u2026<\/p>\n\n\n\n<p><strong>CHYTRUSEK:<\/strong><\/p>\n\n\n\n<p>Nadmucha\u0142a zima \u015bniegu ca\u0142e czasy, las usn\u0105\u0142 w pierzynach, odmrozi\u0142em \u0142ap<strong>y.<\/strong><\/p>\n\n\n\n<p>Zmarzni\u0119ty zwierzaczek po\u017cywienia szuka, do twego okienka wiewi\u00f3reczko puka.<\/p>\n\n\n\n<p><em>(skrada si\u0119 ostro\u017cnie i m\u00f3wi szeptem)<\/em><\/p>\n\n\n\n<p>Cicho\u2026cicho\u2026jak najciszej\u2026<\/p>\n\n\n\n<p>Bo gosposia mnie us\u0142yszy, mo\u017ce jeszcze si\u0119 przel\u0119knie\u2026<\/p>\n\n\n\n<p>Ach, jak co\u015b tu pachnie pi\u0119knie\u2026<\/p>\n\n\n\n<p>A smako\u0142yk\u00f3w tu bez liku\u2026Ho, ho i jakich smako\u0142yk\u00f3w<\/p>\n\n\n\n<p>Tu grzybki, tu szyszki, tu ma\u0142e orzeszki, nasionek te\u017c b\u0119dzie pewnie cztery mieszki.<\/p>\n\n\n\n<p>Tu g\u0105siorek soku, tam miodku s\u0142oiki, ju\u017c worek na plecy, pyszne smako\u0142yki.<\/p>\n\n\n\n<p><em>(bior\u0105c worek na plecy m\u00f3wi:) &#8211; <\/em>Teraz na plecy worek bior\u0119 i hop! Umykam\u2026byle w por\u0119!<\/p>\n\n\n\n<p><em>(wiewi\u00f3rka budzi si\u0119, przeci\u0105ga, przeciera oczy)<\/em><\/p>\n\n\n\n<p><strong>\u0141UPISK\u00d3RKA: <\/strong>Co to, co to takiego by\u0142o? Co\u015b bardzo z\u0142ego mi si\u0119 przy\u015bni\u0142o\u2026<\/p>\n\n\n\n<p>Okna otwarta jest po\u0142owa? Och, puste p\u00f3\u0142ki\u2026co si\u0119 dzieje?<\/p>\n\n\n\n<p>Kto\u015b mi spi\u017carnie obrabowa\u0142, na pewno byli tu z\u0142odzieje!<\/p>\n\n\n\n<p><em>(wychyla si\u0119 przez okno i wo\u0142a)<\/em><\/p>\n\n\n\n<p>Misiu!!! Szaraczku!!! Hej, s\u0105siedzi! Na pomoc! Pom\u00f3\u017ccie mi z\u0142odzieja schwyta\u0107!<\/p>\n\n\n\n<p><em>(wybiegaj\u0105 zwierz\u0119ta)<\/em><\/p>\n\n\n\n<p><strong>MI\u015a: <\/strong>Co si\u0119 sta\u0142o \u0141upisk\u00f3rko?<\/p>\n\n\n\n<p><strong>\u0141UPISK\u00d3RKA:<\/strong><\/p>\n\n\n\n<p>Z\u0142odziej wszed\u0142 noc\u0105 na podw\u00f3rko i okrad\u0142 mi spi\u017carni\u0119 ca\u0142\u0105\u2026<\/p>\n\n\n\n<p>Nasionek s\u0142odkich cztery mieszki, szyszki, grzybki i orzeszki,&nbsp;<\/p>\n\n\n\n<p>w s\u0142oiku miodek, sok w g\u0105siorach, wszystko to z\u0142odziej wzi\u0105\u0142 do wora.<\/p>\n\n\n\n<p><strong>MI\u015a: <\/strong>Ej, \u0141upisk\u00f3rko, co ty pleciesz? Pust\u0105 spi\u017carni\u0119 mia\u0142a\u015b przecie\u017c!<\/p>\n\n\n\n<p><strong>SZARACZEK: <\/strong>Nie mia\u0142a\u015b ani kropelki soku?<\/p>\n\n\n\n<p><strong>MI\u015a: <\/strong>Miodku u Ciebie te\u017c nie by\u0142o!<\/p>\n\n\n\n<p>Pewnie na lewym spa\u0142a\u015b boku i co\u015b ci si\u0119 z\u0142ego przy\u015bni\u0142o\u2026<\/p>\n\n\n\n<p>Chod\u017amy s\u0105siedzie, chod\u017a m\u00f3j ma\u0142y\u2026<\/p>\n\n\n\n<p><em>(mi\u015b i szaraczek wychodz\u0105)<\/em><\/p>\n\n\n\n<p><strong>RAZEM: <\/strong>\u017byczymy pani dobrej nocy\u2026<\/p>\n\n\n\n<p><strong>MI\u015a: <\/strong>Gdyby naprawd\u0119 co\u015b si\u0119 sta\u0142o\u2026<\/p>\n\n\n\n<p><strong>SZARACZEK: <\/strong>Prosz\u0119 nas wzywa\u0107 do pomocy!<\/p>\n\n\n\n<p><strong>\u0141UPISK\u00d3RKA:<\/strong> Kpi\u0105 sobie ze mnie!&nbsp;<\/p>\n\n\n\n<p>Tacy s\u0105siedzi\u2026Przychodz\u0105, prosi\u0107 o wszystko mog\u0105\u2026<\/p>\n\n\n\n<p>Ale gdy mi si\u0119 nie powiedzie w biedzie\u2026<\/p>\n\n\n\n<p>To czy pomog\u0105\u2026<em>(p\u0142acze)<\/em><\/p>\n","protected":false},"excerpt":{"rendered":"<p>Inscenizacja dla grupy przedszkolnej na podstawie tekstu Wiery Badalskiej &#8222;O wiewi\u00f3rce \u0141upisk\u00f3rce&#8221; Grupa wiekowa : 5 &#8211; 6-latki&nbsp; Cel og\u00f3lny:&nbsp; Zapoznanie dzieci z poj\u0119ciem \u017cyczliwo\u015bci i wzajemnej pomocy w trudnych chwilach Metody:&nbsp; S\u0142owne &#8211; rozmowa z dzie\u0107mi&nbsp; Czynna &#8211; udzia\u0142 &hellip; <a href=\"https:\/\/szkolawszpitalu.ovh\/?page_id=1164\">Czytaj dalej <span class=\"meta-nav\">&rarr;<\/span><\/a><\/p>\n","protected":false},"author":1,"featured_media":0,"parent":1092,"menu_order":2,"comment_status":"closed","ping_status":"closed","template":"","meta":{"footnotes":""},"class_list":["post-1164","page","type-page","status-publish","hentry"],"_links":{"self":[{"href":"https:\/\/szkolawszpitalu.ovh\/index.php?rest_route=\/wp\/v2\/pages\/1164","targetHints":{"allow":["GET"]}}],"collection":[{"href":"https:\/\/szkolawszpitalu.ovh\/index.php?rest_route=\/wp\/v2\/pages"}],"about":[{"href":"https:\/\/szkolawszpitalu.ovh\/index.php?rest_route=\/wp\/v2\/types\/page"}],"author":[{"embeddable":true,"href":"https:\/\/szkolawszpitalu.ovh\/index.php?rest_route=\/wp\/v2\/users\/1"}],"replies":[{"embeddable":true,"href":"https:\/\/szkolawszpitalu.ovh\/index.php?rest_route=%2Fwp%2Fv2%2Fcomments&post=1164"}],"version-history":[{"count":7,"href":"https:\/\/szkolawszpitalu.ovh\/index.php?rest_route=\/wp\/v2\/pages\/1164\/revisions"}],"predecessor-version":[{"id":1494,"href":"https:\/\/szkolawszpitalu.ovh\/index.php?rest_route=\/wp\/v2\/pages\/1164\/revisions\/1494"}],"up":[{"embeddable":true,"href":"https:\/\/szkolawszpitalu.ovh\/index.php?rest_route=\/wp\/v2\/pages\/1092"}],"wp:attachment":[{"href":"https:\/\/szkolawszpitalu.ovh\/index.php?rest_route=%2Fwp%2Fv2%2Fmedia&parent=1164"}],"curies":[{"name":"wp","href":"https:\/\/api.w.org\/{rel}","templated":true}]}}